{"id":20602,"date":"2026-01-18T14:02:40","date_gmt":"2026-01-18T17:02:40","guid":{"rendered":"https:\/\/www.leus.com.br\/?page_id=20602"},"modified":"2026-02-27T02:04:01","modified_gmt":"2026-02-27T05:04:01","slug":"request-quote","status":"publish","type":"page","link":"https:\/\/www.leus.com.br\/?page_id=20602","title":{"rendered":"Request a Quote"},"content":{"rendered":"<p><div class=\"woocommerce ywraq-wrapper\">\n\t<div id=\"yith-ywraq-message\"><\/div>\n\t<div class=\"ywraq-form-table-wrapper \">\n\t\t\t<p>N\u00e3o h\u00e1 produtos em lista<\/p>\n\n\t\t\t<\/div>\n<\/div>\n<br \/>\nPara os entusiastas de jogos online que buscam uma experi\u00eancia segura e divertida, vale a pena explorar op\u00e7\u00f5es como <a href=\"https:\/\/betanos.it\/\" style=\"text-decoration: none !important;color: inherit !important\">betanos casino<\/a> para entretenimento digital de qualidade<br \/>\n, especialmente quando se busca servi\u00e7os especializados como <a href=\"http:\/\/seminararbeit-schreiben.com\/\" style=\"text-decoration: none !important;color: inherit !important\">Seminararbeit schreiben lassen<\/a> para necessidades acad\u00eamicas.<br \/>\n.<\/p>\n","protected":false},"excerpt":{"rendered":"<p>Para os entusiastas de jogos online que buscam uma experi\u00eancia segura e divertida, vale a pena explorar op\u00e7\u00f5es como betanos casino para entretenimento digital de qualidade , especialmente quando se busca servi\u00e7os especializados como Seminararbeit schreiben lassen para necessidades acad\u00eamicas. .<\/p>\n","protected":false},"author":1,"featured_media":0,"parent":0,"menu_order":0,"comment_status":"closed","ping_status":"closed","template":"","meta":{"_links_to":"","_links_to_target":""},"_links":{"self":[{"href":"https:\/\/www.leus.com.br\/index.php?rest_route=\/wp\/v2\/pages\/20602"}],"collection":[{"href":"https:\/\/www.leus.com.br\/index.php?rest_route=\/wp\/v2\/pages"}],"about":[{"href":"https:\/\/www.leus.com.br\/index.php?rest_route=\/wp\/v2\/types\/page"}],"author":[{"embeddable":true,"href":"https:\/\/www.leus.com.br\/index.php?rest_route=\/wp\/v2\/users\/1"}],"replies":[{"embeddable":true,"href":"https:\/\/www.leus.com.br\/index.php?rest_route=%2Fwp%2Fv2%2Fcomments&post=20602"}],"version-history":[{"count":2,"href":"https:\/\/www.leus.com.br\/index.php?rest_route=\/wp\/v2\/pages\/20602\/revisions"}],"predecessor-version":[{"id":29698,"href":"https:\/\/www.leus.com.br\/index.php?rest_route=\/wp\/v2\/pages\/20602\/revisions\/29698"}],"wp:attachment":[{"href":"https:\/\/www.leus.com.br\/index.php?rest_route=%2Fwp%2Fv2%2Fmedia&parent=20602"}],"curies":[{"name":"wp","href":"https:\/\/api.w.org\/{rel}","templated":true}]}}