{"id":1747,"date":"2015-11-17T18:23:42","date_gmt":"2015-11-17T18:23:42","guid":{"rendered":"http:\/\/leus.com.br\/site\/?post_type=product&#038;p=1747"},"modified":"2016-11-28T17:28:51","modified_gmt":"2016-11-28T17:28:51","slug":"cp9884-rebitador","status":"publish","type":"product","link":"https:\/\/www.leus.com.br\/?product=cp9884-rebitador","title":{"rendered":"CP9884 &#8211; REBITADOR"},"content":{"rendered":"<p>&nbsp;<\/p>\n<p><strong>Caracter\u00edsticas<\/strong><\/p>\n<ul class=\"features_list\">\n<li>\n<h4>Rebitadora pneum\u00e1tica resistente<\/h4>\n<\/li>\n<li>\n<h4>Tamanho compacto e corpo de composto<\/h4>\n<\/li>\n<li>\n<h4>Capacidade m\u00e1xima de 1\/4&#8243; (6,4 mm)<\/h4>\n<\/li>\n<li>\n<h4>For\u00e7a de tra\u00e7\u00e3o pesada: at\u00e9 3530 lb (1,6 T)<\/h4>\n<\/li>\n<li>\n<h4>Vibra\u00e7\u00e3o baixa e baixo n\u00edvel de ru\u00eddo<\/h4>\n<\/li>\n<li>\n<h4>Inclui: Pe\u00e7as de bico de parafuso \u00fanico de 3\/16&#8243; e 1\/4&#8243; (4,8 e 6,4 mm)<\/h4>\n<\/li>\n<li>\n<h4>Garras, seringa, chaves de servi\u00e7o e frasco de \u00f3leo<\/h4>\n<\/li>\n<\/ul>\n<table class=\"data sort_header\">\n<tbody>\n<tr class=\"\">\n<td class=\"h\">\n<h4>N\u00famero da pe\u00e7a<\/h4>\n<\/td>\n<td colspan=\"2\">\n<h4>8941098840<\/h4>\n<\/td>\n<\/tr>\n<tr class=\"\">\n<td class=\"h\">\n<h4>Modelo<\/h4>\n<\/td>\n<td colspan=\"2\">\n<h4>CP9884<\/h4>\n<\/td>\n<\/tr>\n<tr class=\"over\">\n<td class=\"h\">\n<h4>Carga de tra\u00e7\u00e3o axial max<\/h4>\n<\/td>\n<td>\n<h4>1600\u00a0kg<\/h4>\n<\/td>\n<td class=\"blurred\">\n<h4>3530\u00a0lb<\/h4>\n<\/td>\n<\/tr>\n<tr class=\"\">\n<td class=\"h\">\n<h4>Peso l\u00edquido<\/h4>\n<\/td>\n<td>\n<h4>1.9\u00a0kg<\/h4>\n<\/td>\n<td class=\"blurred\">\n<h4>4.2\u00a0lb<\/h4>\n<\/td>\n<\/tr>\n<tr class=\"\">\n<td class=\"h\">\n<h4>Comprimento<\/h4>\n<\/td>\n<td>\n<h4>310\u00a0mm<\/h4>\n<\/td>\n<td class=\"blurred\">\n<h4>12.2&#8243;<\/h4>\n<\/td>\n<\/tr>\n<tr class=\"\">\n<td class=\"h\">\n<h4>Consumo m\u00e9dio de ar<\/h4>\n<\/td>\n<td>\n<h4>1.05\u00a0l\/s<\/h4>\n<\/td>\n<td class=\"blurred\">\n<h4>2 1\/4\u00a0cfm<\/h4>\n<\/td>\n<\/tr>\n<tr class=\"\">\n<td class=\"h\">\n<h4>Consumo real de ar<\/h4>\n<\/td>\n<td>\n<h4>4.3\u00a0l\/s<\/h4>\n<\/td>\n<td class=\"blurred\">\n<h4>9\u00a0cfm<\/h4>\n<\/td>\n<\/tr>\n<tr class=\"\">\n<td class=\"h\">\n<h4>Consumo real de ar<\/h4>\n<\/td>\n<td>\n<h4>258\u00a0l\/mn<\/h4>\n<\/td>\n<td class=\"blurred\">\n<h4>9\u00a0cfm<\/h4>\n<\/td>\n<\/tr>\n<tr class=\"\">\n<td class=\"h\">\n<h4>Tamanho da rosca da entrada de ar<\/h4>\n<\/td>\n<td colspan=\"2\">\n<h4>0.25\u00a0&#8220;<\/h4>\n<\/td>\n<\/tr>\n<tr class=\"\">\n<td class=\"h\">\n<h4>Tamanho min. mangueira<\/h4>\n<\/td>\n<td>\n<h4>10\u00a0mm<\/h4>\n<\/td>\n<td class=\"blurred\">\n<h4>3\/8&#8243;<\/h4>\n<\/td>\n<\/tr>\n<tr class=\"\">\n<td class=\"h\">\n<h4>N\u00edvel de ru\u00eddo<\/h4>\n<\/td>\n<td colspan=\"2\">\n<h4>56\u00a0db(A)<\/h4>\n<\/td>\n<\/tr>\n<tr class=\"\">\n<td class=\"h\">\n<h4>Press\u00e3o som DBA<\/h4>\n<\/td>\n<td colspan=\"2\">\n<h4>67\u00a0db(A)<\/h4>\n<\/td>\n<\/tr>\n<tr class=\"\">\n<td class=\"h\">\n<h4>Vibra\u00e7\u00e3o (ISO-8662-12)<\/h4>\n<\/td>\n<td colspan=\"2\">\n<h4>&lt;2.5\u00a0m\/s\u00b2<\/h4>\n<\/td>\n<\/tr>\n<tr class=\"\">\n<td class=\"h\">\n<h4>Vibra\u00e7\u00e3o \u03b1 (ISO-28927-8)<\/h4>\n<\/td>\n<td colspan=\"2\">\n<h4>&lt;2.5\u00a0m\/s\u00b2<\/h4>\n<\/td>\n<\/tr>\n<\/tbody>\n<\/table>\n","protected":false},"excerpt":{"rendered":"<ul class=\"features_list\">\n<li>\n<h4>Maior n\u00famero de aplica\u00e7\u00f5es<\/h4>\n<\/li>\n<li>\n<h4>Dur\u00e1vel, confi\u00e1vel e f\u00e1cil de usar<\/h4>\n<\/li>\n<li>\n<h4>Maximize o conforto do operador<\/h4>\n<\/li>\n<\/ul>\n","protected":false},"featured_media":3503,"template":"","meta":{"_links_to":"","_links_to_target":""},"product_cat":[37],"product_tag":[],"_links":{"self":[{"href":"https:\/\/www.leus.com.br\/index.php?rest_route=\/wp\/v2\/product\/1747"}],"collection":[{"href":"https:\/\/www.leus.com.br\/index.php?rest_route=\/wp\/v2\/product"}],"about":[{"href":"https:\/\/www.leus.com.br\/index.php?rest_route=\/wp\/v2\/types\/product"}],"wp:featuredmedia":[{"embeddable":true,"href":"https:\/\/www.leus.com.br\/index.php?rest_route=\/wp\/v2\/media\/3503"}],"wp:attachment":[{"href":"https:\/\/www.leus.com.br\/index.php?rest_route=%2Fwp%2Fv2%2Fmedia&parent=1747"}],"wp:term":[{"taxonomy":"product_cat","embeddable":true,"href":"https:\/\/www.leus.com.br\/index.php?rest_route=%2Fwp%2Fv2%2Fproduct_cat&post=1747"},{"taxonomy":"product_tag","embeddable":true,"href":"https:\/\/www.leus.com.br\/index.php?rest_route=%2Fwp%2Fv2%2Fproduct_tag&post=1747"}],"curies":[{"name":"wp","href":"https:\/\/api.w.org\/{rel}","templated":true}]}}