{"id":1755,"date":"2015-11-17T18:27:00","date_gmt":"2015-11-17T18:27:00","guid":{"rendered":"http:\/\/leus.com.br\/site\/?post_type=product&#038;p=1755"},"modified":"2016-11-28T16:58:33","modified_gmt":"2016-11-28T16:58:33","slug":"cp8210e-politriz-eletrica","status":"publish","type":"product","link":"https:\/\/www.leus.com.br\/?product=cp8210e-politriz-eletrica","title":{"rendered":"CP8210E &#8211; POLITRIZ EL\u00c9TRICA"},"content":{"rendered":"<p>&nbsp;<\/p>\n<p><strong>Caracter\u00edsticas<\/strong><\/p>\n<ul class=\"features_list\">\n<li>\n<h4>Politrizes el\u00e9tricas de 6&#8243; (150 mm)<\/h4>\n<\/li>\n<li>\n<h4>Ferramenta compacta e leve<\/h4>\n<\/li>\n<li>\n<h4>Motor potente de 10 AMP &#8211; 3 hp (2200 W)<\/h4>\n<\/li>\n<li>\n<h4>Regulador de pot\u00eancia eletr\u00f4nico<\/h4>\n<\/li>\n<li>\n<h4>Engrenagem \u00fanica e dur\u00e1vel para alto torque de eixo<\/h4>\n<\/li>\n<li>\n<h4>Empunhadura lateral de m\u00faltiplas posi\u00e7\u00f5es<\/h4>\n<\/li>\n<li>\n<h4>Cabo resistente de 4 m<\/h4>\n<\/li>\n<\/ul>\n<table class=\"data sort_header\">\n<tbody>\n<tr class=\"over\">\n<td class=\"h\">\n<h4>N\u00famero da pe\u00e7a<\/h4>\n<\/td>\n<td colspan=\"2\">\n<h4>8941082104<\/h4>\n<\/td>\n<\/tr>\n<tr class=\"\">\n<td class=\"h\">\n<h4>Modelo<\/h4>\n<\/td>\n<td colspan=\"2\">\n<h4>CP8210<\/h4>\n<\/td>\n<\/tr>\n<tr class=\"\">\n<td class=\"h\">\n<h4>Velocidade livre<\/h4>\n<\/td>\n<td colspan=\"2\">\n<h4>900\/2500<\/h4>\n<\/td>\n<\/tr>\n<tr class=\"\">\n<td class=\"h\">\n<h4>Peso l\u00edquido<\/h4>\n<\/td>\n<td>\n<h4>2.6\u00a0kg<\/h4>\n<\/td>\n<td class=\"blurred\">\n<h4>5.7\u00a0lb<\/h4>\n<\/td>\n<\/tr>\n<tr class=\"\">\n<td class=\"h\">\n<h4>Comprimento<\/h4>\n<\/td>\n<td>\n<h4>500\u00a0mm<\/h4>\n<\/td>\n<td class=\"blurred\">\n<h4>19.6&#8243;<\/h4>\n<\/td>\n<\/tr>\n<tr class=\"\">\n<td class=\"h\">\n<h4>N\u00edvel de ru\u00eddo<\/h4>\n<\/td>\n<td colspan=\"2\">\n<h4>82\u00a0db(A)<\/h4>\n<\/td>\n<\/tr>\n<tr class=\"\">\n<td class=\"h\">\n<h4>Press\u00e3o som DBA<\/h4>\n<\/td>\n<td colspan=\"2\">\n<h4>93\u00a0db(A)<\/h4>\n<\/td>\n<\/tr>\n<tr class=\"\">\n<td class=\"h\">\n<h4>Vibra\u00e7\u00e3o (EN-60745-1)<\/h4>\n<\/td>\n<td colspan=\"2\">\n<h4>&lt;2.5\u00a0m\/s\u00b2<\/h4>\n<\/td>\n<\/tr>\n<tr class=\"\">\n<td class=\"h\">\n<h4>Power<\/h4>\n<\/td>\n<td colspan=\"2\">\n<h4>1.2\u00a0kw<\/h4>\n<\/td>\n<\/tr>\n<tr class=\"\">\n<td class=\"h\">\n<h4>Tamanho da Base<\/h4>\n<\/td>\n<td>\n<h4>150\u00a0mm<\/h4>\n<\/td>\n<td class=\"blurred\">\n<h4>6&#8243;<\/h4>\n<\/td>\n<\/tr>\n<\/tbody>\n<\/table>\n","protected":false},"excerpt":{"rendered":"<ul class=\"features_list\">\n<li>\n<h4>Controle preciso e flexibilidade<\/h4>\n<\/li>\n<li>\n<h4>Opera\u00e7\u00e3o suave<\/h4>\n<\/li>\n<li>\n<h4>Conforto para o operador<\/h4>\n<\/li>\n<\/ul>\n","protected":false},"featured_media":3484,"template":"","meta":{"_links_to":"","_links_to_target":""},"product_cat":[37],"product_tag":[],"_links":{"self":[{"href":"https:\/\/www.leus.com.br\/index.php?rest_route=\/wp\/v2\/product\/1755"}],"collection":[{"href":"https:\/\/www.leus.com.br\/index.php?rest_route=\/wp\/v2\/product"}],"about":[{"href":"https:\/\/www.leus.com.br\/index.php?rest_route=\/wp\/v2\/types\/product"}],"wp:featuredmedia":[{"embeddable":true,"href":"https:\/\/www.leus.com.br\/index.php?rest_route=\/wp\/v2\/media\/3484"}],"wp:attachment":[{"href":"https:\/\/www.leus.com.br\/index.php?rest_route=%2Fwp%2Fv2%2Fmedia&parent=1755"}],"wp:term":[{"taxonomy":"product_cat","embeddable":true,"href":"https:\/\/www.leus.com.br\/index.php?rest_route=%2Fwp%2Fv2%2Fproduct_cat&post=1755"},{"taxonomy":"product_tag","embeddable":true,"href":"https:\/\/www.leus.com.br\/index.php?rest_route=%2Fwp%2Fv2%2Fproduct_tag&post=1755"}],"curies":[{"name":"wp","href":"https:\/\/api.w.org\/{rel}","templated":true}]}}