{"id":1762,"date":"2015-11-17T18:41:54","date_gmt":"2015-11-17T18:41:54","guid":{"rendered":"http:\/\/leus.com.br\/site\/?post_type=product&#038;p=1762"},"modified":"2018-10-26T15:29:11","modified_gmt":"2018-10-26T18:29:11","slug":"cp9790-furadeira-38","status":"publish","type":"product","link":"https:\/\/www.leus.com.br\/?product=cp9790-furadeira-38","title":{"rendered":"CP9790C &#8211; FURADEIRA 3\/8&#8243;"},"content":{"rendered":"<h4>Funcionalidades<\/h4>\n<h4>Caixa composta com punho em borracha termopl\u00e1stica<\/h4>\n<h4>Asas nos lados direito e esquerdo para guiar o dedo indicador<\/h4>\n<h4>Gatilho de provoca\u00e7\u00e3o grande e v\u00e1lvula progressiva permitindo mais controle para iniciar furos<\/h4>\n<h4>Caixa de velocidades de baixa velocidade<\/h4>\n<h4>Parte traseira plana para melhor a\u00e7\u00e3o de empurr\u00e3o ao perfurar e rosquear<\/h4>\n<h4>Inverta a alavanca na parte superior para facilitar o acesso<\/h4>\n<h4>manuseie a exaust\u00e3o permitindo que o ar flua para longe do operador<\/h4>\n<h4>Fornecido com mandris industriais Jacobs\u00ae de alta qualidade para uso prolongado<\/h4>\n<h4>&#8211; Metal com chave<\/h4>\n<h4>Excelente para perfura\u00e7\u00e3o, brunimento, alargamento<\/h4>\n<table id=\"tablesaw-7969\" class=\"c-table s-editor s-editor--table tablesaw tablesaw-swipe\" data-nodename=\"table\" data-tablesaw-minimap=\"\" data-tablesaw-mode=\"swipe\">\n<thead>\n<tr>\n<th class=\" tablesaw-swipe-cellpersist\" scope=\"col\" data-tablesaw-priority=\"persist\"><\/th>\n<th scope=\"col\">Metric<\/th>\n<th scope=\"col\">Imperial<\/th>\n<\/tr>\n<\/thead>\n<tbody>\n<tr>\n<td class=\" tablesaw-swipe-cellpersist\">Model<\/td>\n<td>CP9790C<\/td>\n<td><\/td>\n<\/tr>\n<tr>\n<td class=\" tablesaw-swipe-cellpersist\">Part number<\/td>\n<td>8941097900<\/td>\n<td><\/td>\n<\/tr>\n<tr>\n<td class=\" tablesaw-swipe-cellpersist\">Air inlet thread size<\/td>\n<td>1\/4 &#8220;<\/td>\n<td><\/td>\n<\/tr>\n<tr>\n<td class=\" tablesaw-swipe-cellpersist\">Average air consumption<\/td>\n<td>3.25 l\/s<\/td>\n<td>6.9 cfm<\/td>\n<\/tr>\n<tr>\n<td class=\" tablesaw-swipe-cellpersist\">Box dimensions<\/td>\n<td>242.5&#215;172.5&#215;53.5 mm<\/td>\n<td>9.5&#215;9.8&#215;2.1 &#8220;<\/td>\n<\/tr>\n<tr>\n<td class=\" tablesaw-swipe-cellpersist\">Chuck capacity<\/td>\n<td>10 mm<\/td>\n<td>3\/8 &#8220;<\/td>\n<\/tr>\n<tr>\n<td class=\" tablesaw-swipe-cellpersist\">European Directives<\/td>\n<td>2006\/42\/EC (17\/05\/2006)<\/td>\n<td><\/td>\n<\/tr>\n<tr>\n<td class=\" tablesaw-swipe-cellpersist\">European Sound standard<\/td>\n<td>ISO 15744<\/td>\n<td><\/td>\n<\/tr>\n<tr>\n<td class=\" tablesaw-swipe-cellpersist\">European Standards<\/td>\n<td>EN ISO 11148-3:2012<\/td>\n<td><\/td>\n<\/tr>\n<tr>\n<td class=\" tablesaw-swipe-cellpersist\">Free speed<\/td>\n<td>2100 rpm<\/td>\n<td><\/td>\n<\/tr>\n<tr>\n<td class=\" tablesaw-swipe-cellpersist\">Free speed air consumption<\/td>\n<td>13 l\/s<\/td>\n<td>27.5 cfm<\/td>\n<\/tr>\n<tr>\n<td class=\" tablesaw-swipe-cellpersist\">Length<\/td>\n<td>235 mm<\/td>\n<td>9.3 &#8220;<\/td>\n<\/tr>\n<tr>\n<td class=\" tablesaw-swipe-cellpersist\">Min. hose size<\/td>\n<td>10 mm<\/td>\n<td>3\/8 &#8220;<\/td>\n<\/tr>\n<tr>\n<td class=\" tablesaw-swipe-cellpersist\">Net weight<\/td>\n<td>1.1 kg<\/td>\n<td>2.4 lb<\/td>\n<\/tr>\n<tr>\n<td class=\" tablesaw-swipe-cellpersist\">Over carton<\/td>\n<td>1200x800x630 mm<\/td>\n<td>47.2&#215;31.5&#215;24.8 &#8220;<\/td>\n<\/tr>\n<tr>\n<td class=\" tablesaw-swipe-cellpersist\">Power<\/td>\n<td>360 W<\/td>\n<td>1\/2 hp<\/td>\n<\/tr>\n<tr>\n<td class=\" tablesaw-swipe-cellpersist\">Sound Power<\/td>\n<td>98.5 db(A)<\/td>\n<td><\/td>\n<\/tr>\n<tr>\n<td class=\" tablesaw-swipe-cellpersist\">Sound pressure<\/td>\n<td>87.1 db(A)<\/td>\n<td><\/td>\n<\/tr>\n<tr>\n<td class=\" tablesaw-swipe-cellpersist\">Stall torque<\/td>\n<td>5 1\/2 Nm<\/td>\n<td>4.1 ft.lbs<\/td>\n<\/tr>\n<tr>\n<td class=\" tablesaw-swipe-cellpersist\">Vibration<\/td>\n<td>&lt;2.5 m\/s\u00b2<\/td>\n<td><\/td>\n<\/tr>\n<tr>\n<td class=\" tablesaw-swipe-cellpersist\">Vibration ISO<\/td>\n<td>ISO-28927-5<\/td>\n<td><\/td>\n<\/tr>\n<\/tbody>\n<tfoot><\/tfoot>\n<\/table>\n","protected":false},"excerpt":{"rendered":"<h4>Alto Conforto<\/h4>\n<h4>Ergonomia<\/h4>\n<h4>Excelente controle de velocidade<\/h4>\n<h4>Alta resist\u00eancia a barracas<\/h4>\n<h4>Excelente manuseio<\/h4>\n<h4>Operador amig\u00e1vel<\/h4>\n<h4>Alta durabilidade<\/h4>\n<h4>Fornecido com mandris industriais Jacobs\u00ae de alta qualidade para uso prolongado<\/h4>\n<h4>&#8211; Metal com chave<\/h4>\n","protected":false},"featured_media":5023,"template":"","meta":{"_links_to":"","_links_to_target":""},"product_cat":[30],"product_tag":[],"_links":{"self":[{"href":"https:\/\/www.leus.com.br\/index.php?rest_route=\/wp\/v2\/product\/1762"}],"collection":[{"href":"https:\/\/www.leus.com.br\/index.php?rest_route=\/wp\/v2\/product"}],"about":[{"href":"https:\/\/www.leus.com.br\/index.php?rest_route=\/wp\/v2\/types\/product"}],"wp:featuredmedia":[{"embeddable":true,"href":"https:\/\/www.leus.com.br\/index.php?rest_route=\/wp\/v2\/media\/5023"}],"wp:attachment":[{"href":"https:\/\/www.leus.com.br\/index.php?rest_route=%2Fwp%2Fv2%2Fmedia&parent=1762"}],"wp:term":[{"taxonomy":"product_cat","embeddable":true,"href":"https:\/\/www.leus.com.br\/index.php?rest_route=%2Fwp%2Fv2%2Fproduct_cat&post=1762"},{"taxonomy":"product_tag","embeddable":true,"href":"https:\/\/www.leus.com.br\/index.php?rest_route=%2Fwp%2Fv2%2Fproduct_tag&post=1762"}],"curies":[{"name":"wp","href":"https:\/\/api.w.org\/{rel}","templated":true}]}}