{"id":2183,"date":"2015-11-26T18:36:57","date_gmt":"2015-11-26T18:36:57","guid":{"rendered":"http:\/\/leus.com.br\/site\/?post_type=product&#038;p=2183"},"modified":"2019-01-25T15:09:28","modified_gmt":"2019-01-25T17:09:28","slug":"ec-554-32-engine-coolant-tropical-dark-green","status":"publish","type":"product","link":"https:\/\/www.leus.com.br\/?product=ec-554-32-engine-coolant-tropical-dark-green","title":{"rendered":"Engine Coolant Tropical Dark Green &#8211; EC 554 \u2013  946ml"},"content":{"rendered":"<h2><em><span lang=\"EN-US\">EC-554 \u00a0ENGINE COOLANT DARK GREEN<\/span><\/em><\/h2>\n<h4>FLUIDO DE RADIADOR (VERDE)<\/h4>\n<h4>Flu\u00eddo para radiador verde formulado especialmente para pa\u00edses tropicais, com etilenoglicol, dietileno glicol e \u00e1gua desmineralizada. Protege a bomba d\u2019agua. Previne corros\u00e3o e ferrugem. F\u00f3rmula com Anti-Rust.<\/h4>\n<h4>MODO DE USO<\/h4>\n<h4>Siga recomenda\u00e7\u00f5es dos fabricantes na propor\u00e7\u00e3o ideal para cada veiculo. Aplicar diretamente no reservat\u00f3rio do radiador para completar o n\u00edvel ou para trocar total. N\u00c3O REMOVER A TAMPA DO RADIADOR OU DO RESERVAT\u00d3RIO COM O MOTOR QUENTE.<\/h4>\n<h4>MANTER FORA DO ALCANCE DAS CRIAN\u00c7AS!<\/h4>\n<p><a href=\"http:\/\/leus.com.br\/site\/wp-content\/uploads\/2015\/11\/EC-554-FSQ.pdf\">EC-554-FSQ<\/a><\/p>\n<h4>Un: 946ml<\/h4>\n<h4><\/h4>\n<h4><\/h4>\n","protected":false},"excerpt":{"rendered":"<h4><span lang=\"pt\">\u2022 Contem caracter\u00edsticas anti- fervura.<\/span><\/h4>\n<h4><span lang=\"pt\">\u2022 Protege a bomba de \u00e1gua contra impurezas.<\/span><\/h4>\n<h4><span lang=\"pt\">\u2022 Previne a ferrugem e corros\u00e3o.<\/span><\/h4>\n<h4><span style=\"color: #ff0000;\">Para saber o valor por caixa, por gentileza entre em contato conosco.<\/span><\/h4>\n<h4><\/h4>\n<h4>Un: 946ml<\/h4>\n<h4><\/h4>\n<h4><\/h4>\n<p>&nbsp;<\/p>\n","protected":false},"featured_media":5183,"template":"","meta":{"_links_to":"","_links_to_target":""},"product_cat":[15],"product_tag":[],"_links":{"self":[{"href":"https:\/\/www.leus.com.br\/index.php?rest_route=\/wp\/v2\/product\/2183"}],"collection":[{"href":"https:\/\/www.leus.com.br\/index.php?rest_route=\/wp\/v2\/product"}],"about":[{"href":"https:\/\/www.leus.com.br\/index.php?rest_route=\/wp\/v2\/types\/product"}],"wp:featuredmedia":[{"embeddable":true,"href":"https:\/\/www.leus.com.br\/index.php?rest_route=\/wp\/v2\/media\/5183"}],"wp:attachment":[{"href":"https:\/\/www.leus.com.br\/index.php?rest_route=%2Fwp%2Fv2%2Fmedia&parent=2183"}],"wp:term":[{"taxonomy":"product_cat","embeddable":true,"href":"https:\/\/www.leus.com.br\/index.php?rest_route=%2Fwp%2Fv2%2Fproduct_cat&post=2183"},{"taxonomy":"product_tag","embeddable":true,"href":"https:\/\/www.leus.com.br\/index.php?rest_route=%2Fwp%2Fv2%2Fproduct_tag&post=2183"}],"curies":[{"name":"wp","href":"https:\/\/api.w.org\/{rel}","templated":true}]}}