{"id":3785,"date":"2016-09-09T13:09:10","date_gmt":"2016-09-09T13:09:10","guid":{"rendered":"http:\/\/leus.com.br\/site\/?post_type=product&#038;p=3785"},"modified":"2016-10-18T10:47:23","modified_gmt":"2016-10-18T10:47:23","slug":"chave-de-impacto-cp7732c","status":"publish","type":"product","link":"https:\/\/www.leus.com.br\/?product=chave-de-impacto-cp7732c","title":{"rendered":"Chave de Impacto CP7732C"},"content":{"rendered":"<div class='et_post_video'><iframe width=\"1080\" height=\"608\" src=\"https:\/\/www.youtube.com\/embed\/v44cYjB9D3U?feature=oembed\" frameborder=\"0\" allowfullscreen><\/iframe><\/div>\n<table class=\"data sort_header\">\n<thead>\n<tr class=\"\">\n<th colspan=\"3\"><\/th>\n<\/tr>\n<\/thead>\n<tbody>\n<tr class=\"\">\n<td class=\"h\">\n<h4>N\u00famero da pe\u00e7a<\/h4>\n<\/td>\n<td colspan=\"2\">\n<h4>8941077321<\/h4>\n<\/td>\n<\/tr>\n<tr class=\"\">\n<td class=\"h\">\n<h4>Modelo<\/h4>\n<\/td>\n<td colspan=\"2\">\n<h4>CP7732C<\/h4>\n<\/td>\n<\/tr>\n<tr class=\"\">\n<td class=\"h\">\n<h4>Tipo punho<\/h4>\n<\/td>\n<td colspan=\"2\">\n<h4>Pistola<\/h4>\n<\/td>\n<\/tr>\n<tr class=\"\">\n<td class=\"h\">\n<h4>Impulsor Quadrado<\/h4>\n<\/td>\n<td>\n<h4>1\/2&#8243;<\/h4>\n<\/td>\n<td class=\"blurred\"><\/td>\n<\/tr>\n<tr class=\"\">\n<td class=\"h\">\n<h4>Faixa de torque de trabalho (para frente)<\/h4>\n<\/td>\n<td>\n<h4>70-387\u00a0Nm<\/h4>\n<\/td>\n<td class=\"blurred\">\n<h4>52-285<\/h4>\n<\/td>\n<\/tr>\n<tr class=\"\">\n<td class=\"h\">\n<h4>Torque M\u00e1ximo (reverso)<\/h4>\n<\/td>\n<td>\n<h4>625\u00a0Nm<\/h4>\n<\/td>\n<td class=\"blurred\">\n<h4>460\u00a0p\u00e9s.lbs<\/h4>\n<\/td>\n<\/tr>\n<tr class=\"\">\n<td class=\"h\">\n<h4>Velocidade livre<\/h4>\n<\/td>\n<td colspan=\"2\">\n<h4>9410\u00a0rpm<\/h4>\n<\/td>\n<\/tr>\n<tr class=\"\">\n<td class=\"h\">\n<h4>Sopros por minuto<\/h4>\n<\/td>\n<td colspan=\"2\">\n<h4>1400<\/h4>\n<\/td>\n<\/tr>\n<tr class=\"\">\n<td class=\"h\">\n<h4>Peso l\u00edquido<\/h4>\n<\/td>\n<td>\n<h4>1\u00a0kg<\/h4>\n<\/td>\n<td class=\"blurred\">\n<h4>2.2\u00a0lb<\/h4>\n<\/td>\n<\/tr>\n<tr class=\"\">\n<td class=\"h\">\n<h4>Comprimento<\/h4>\n<\/td>\n<td>\n<h4>108\u00a0mm<\/h4>\n<\/td>\n<td class=\"blurred\">\n<h4>4.3&#8243;<\/h4>\n<\/td>\n<\/tr>\n<tr class=\"\">\n<td class=\"h\">\n<h4>Lado ao centro<\/h4>\n<\/td>\n<td>\n<h4>32\u00a0mm<\/h4>\n<\/td>\n<td class=\"blurred\">\n<h4>1.26&#8243;<\/h4>\n<\/td>\n<\/tr>\n<tr class=\"\">\n<td class=\"h\">\n<h4>Consumo m\u00e9dio de ar<\/h4>\n<\/td>\n<td>\n<h4>2.6\u00a0l\/s<\/h4>\n<\/td>\n<td class=\"blurred\">\n<h4>5 1\/2\u00a0cfm<\/h4>\n<\/td>\n<\/tr>\n<tr class=\"\">\n<td class=\"h\">\n<h4>Consumo real de ar<\/h4>\n<\/td>\n<td>\n<h4>10.2\u00a0l\/s<\/h4>\n<\/td>\n<td class=\"blurred\">\n<h4>22\u00a0cfm<\/h4>\n<\/td>\n<\/tr>\n<tr class=\"\">\n<td class=\"h\">\n<h4>Consumo de ar em velocidade livre<\/h4>\n<\/td>\n<td>\n<h4>14.6\u00a0l\/s<\/h4>\n<\/td>\n<td class=\"blurred\"><\/td>\n<\/tr>\n<tr class=\"\">\n<td class=\"h\">\n<h4>Tamanho da rosca da entrada de ar<\/h4>\n<\/td>\n<td colspan=\"2\">\n<h4>0.25\u00a0&#8220;<\/h4>\n<\/td>\n<\/tr>\n<tr class=\"\">\n<td class=\"h\">\n<h4>Tamanho min. mangueira<\/h4>\n<\/td>\n<td>\n<h4>10\u00a0mm<\/h4>\n<\/td>\n<td class=\"blurred\">\n<h4>3\/8&#8243;<\/h4>\n<\/td>\n<\/tr>\n<tr class=\"\">\n<td class=\"h\">\n<h4>N\u00edvel de ru\u00eddo<\/h4>\n<\/td>\n<td colspan=\"2\">\n<h4>95.5\u00a0db(A)<\/h4>\n<\/td>\n<\/tr>\n<tr class=\"\">\n<td class=\"h\">\n<h4>Pot\u00eancia de som<\/h4>\n<\/td>\n<td colspan=\"2\">\n<h4>106.5\u00a0db(A)<\/h4>\n<\/td>\n<\/tr>\n<tr class=\"\">\n<td class=\"h\">\n<h4>Vibra\u00e7\u00e3o \u03b1 (ISO-28927-2)<\/h4>\n<\/td>\n<td colspan=\"2\">\n<h4>10.8\u00a0m\/s\u00b2<\/h4>\n<\/td>\n<\/tr>\n<tr class=\"\">\n<td class=\"h\">\n<h4>Vibra\u00e7\u00e3o K (ISO-28927-2)<\/h4>\n<\/td>\n<td colspan=\"2\">\n<h4>1.42\u00a0m\/s\u00b2<\/h4>\n<\/td>\n<\/tr>\n<tr class=\"\">\n<td class=\"h\">\n<h4>Retentor de soquete<\/h4>\n<\/td>\n<td colspan=\"2\">\n<h4>Anel de fric\u00e7\u00e3o<\/h4>\n<\/td>\n<\/tr>\n<tr class=\"\">\n<td class=\"h\">\n<h4>Tipo de embreagem<\/h4>\n<\/td>\n<td colspan=\"2\">\n<h4>Jumbo<\/h4>\n<\/td>\n<\/tr>\n<tr class=\"over\">\n<td class=\"h\">\n<h4>Dimens\u00f5es da caixa<\/h4>\n<\/td>\n<td>\n<h4>175*202*75<\/h4>\n<\/td>\n<\/tr>\n<\/tbody>\n<\/table>\n<p>&nbsp;<\/p>\n","protected":false},"excerpt":{"rendered":"<h4>A\u00a0nova gera\u00e7\u00e3o de chaves CP7732 &#8220;pequenas&#8221; mais vendidas. A CP7732C \u00e9 20% mais leve do que sua antecessora e foi projetada para atender \u00e0 demanda do cliente de ferramentas menores e mais leves, permitindo que ferramentas mec\u00e2nicas trabalhem facilmente em \u00e1reas de dif\u00edcil acesso.<\/h4>\n<h4>A CP7732C agrega valor m\u00e1ximo ao cliente com uma excelente pot\u00eancia em rela\u00e7\u00e3o ao peso, pesando apenas 2,2 lbs (1 kg) e com 4,3 pol (108 mm) de comprimento, ao mesmo tempo em que oferece um torque m\u00e1ximo de 460 ft.lbs (625 Nm) em modo reverso. \u00c9 a melhor chave de impacto para utiliza\u00e7\u00e3o no interior do ve\u00edculo e do compartimento do motor para trabalhos em c\u00e1rteres, parafusos de assento e pain\u00e9is da carroceria. O mecanismo de martelos jumbo, o motor de a\u00e7o e o corpo da embreagem de alum\u00ednio proporcionam um excelente desempenho e suportam o ambiente de condi\u00e7\u00f5es adversas da oficina.<\/h4>\n<h4><strong>Nova ergonomia para conforto muito melhor do usu\u00e1rio.<\/strong>\u00a0A \u00a0ferramenta \u00e9 super ergon\u00f4mica e foi projetada para proporcionar conforto m\u00e1ximo ao usu\u00e1rio com um corpo de material composto e manopla emborrachada termopl\u00e1stica. Com\u00a0o mecanismo de normal\/reverso lado a lado e o novo sistema de configura\u00e7\u00e3o de pot\u00eancia. A manopla ergon\u00f4mica curvada que \u00a0reduz a tens\u00e3o na m\u00e3o do mec\u00e2nico e ajuda a reduzir as chances de uma les\u00e3o. Al\u00e9m disso, um gatilho de acionamento total concede ao usu\u00e1rio um controle mais f\u00e1cil durante a opera\u00e7\u00e3o.<\/h4>\n<h4><\/h4>\n","protected":false},"featured_media":3786,"template":"","meta":{"_links_to":"","_links_to_target":""},"product_cat":[9],"product_tag":[],"_links":{"self":[{"href":"https:\/\/www.leus.com.br\/index.php?rest_route=\/wp\/v2\/product\/3785"}],"collection":[{"href":"https:\/\/www.leus.com.br\/index.php?rest_route=\/wp\/v2\/product"}],"about":[{"href":"https:\/\/www.leus.com.br\/index.php?rest_route=\/wp\/v2\/types\/product"}],"wp:featuredmedia":[{"embeddable":true,"href":"https:\/\/www.leus.com.br\/index.php?rest_route=\/wp\/v2\/media\/3786"}],"wp:attachment":[{"href":"https:\/\/www.leus.com.br\/index.php?rest_route=%2Fwp%2Fv2%2Fmedia&parent=3785"}],"wp:term":[{"taxonomy":"product_cat","embeddable":true,"href":"https:\/\/www.leus.com.br\/index.php?rest_route=%2Fwp%2Fv2%2Fproduct_cat&post=3785"},{"taxonomy":"product_tag","embeddable":true,"href":"https:\/\/www.leus.com.br\/index.php?rest_route=%2Fwp%2Fv2%2Fproduct_tag&post=3785"}],"curies":[{"name":"wp","href":"https:\/\/api.w.org\/{rel}","templated":true}]}}