{"id":3848,"date":"2016-10-14T11:19:05","date_gmt":"2016-10-14T11:19:05","guid":{"rendered":"http:\/\/leus.com.br\/site\/?post_type=product&#038;p=3848"},"modified":"2016-12-01T10:55:17","modified_gmt":"2016-12-01T10:55:17","slug":"cp3850-85ab7ve","status":"publish","type":"product","link":"https:\/\/www.leus.com.br\/?product=cp3850-85ab7ve","title":{"rendered":"CP3850-85AB7VE"},"content":{"rendered":"<p>&nbsp;<\/p>\n<table class=\"data sort_header\">\n<thead>\n<tr>\n<th colspan=\"3\"><\/th>\n<\/tr>\n<\/thead>\n<tbody>\n<tr class=\"\">\n<td class=\"h\">\n<h4>N\u00famero da pe\u00e7a<\/h4>\n<\/td>\n<td colspan=\"2\">\n<h4>6151704920<\/h4>\n<\/td>\n<\/tr>\n<tr class=\"\">\n<td class=\"h\">\n<h4>Modelo<\/h4>\n<\/td>\n<td colspan=\"2\">\n<h4>CP3850-85AB7VE<\/h4>\n<\/td>\n<\/tr>\n<tr class=\"\">\n<td class=\"h\">\n<h4>Rosca da Haste<\/h4>\n<\/td>\n<td colspan=\"2\">\n<h4>5\/8-11<\/h4>\n<\/td>\n<\/tr>\n<tr class=\"\">\n<td class=\"h\">\n<h4>Tamanho do disco<\/h4>\n<\/td>\n<td>\n<h4>180\u00a0mm<\/h4>\n<\/td>\n<td class=\"blurred\">\n<h4>7&#8243;<\/h4>\n<\/td>\n<\/tr>\n<tr class=\"\">\n<td class=\"h\">\n<h4>Velocidade livre<\/h4>\n<\/td>\n<td colspan=\"2\">\n<h4>8500\u00a0rpm<\/h4>\n<\/td>\n<\/tr>\n<tr class=\"\">\n<td class=\"h\">\n<h4>Energia<\/h4>\n<\/td>\n<td>\n<h4>2100\u00a0W<\/h4>\n<\/td>\n<td class=\"blurred\">\n<h4>2.8\u00a0hp<\/h4>\n<\/td>\n<\/tr>\n<tr class=\"\">\n<td class=\"h\">\n<h4>Comprimento<\/h4>\n<\/td>\n<td>\n<h4>340\u00a0mm<\/h4>\n<\/td>\n<td class=\"blurred\">\n<h4>13.4&#8243;<\/h4>\n<\/td>\n<\/tr>\n<tr class=\"\">\n<td class=\"h\">\n<h4>Peso l\u00edquido<\/h4>\n<\/td>\n<td>\n<h4>2.9\u00a0kg<\/h4>\n<\/td>\n<td class=\"blurred\">\n<h4>6.4\u00a0lb<\/h4>\n<\/td>\n<\/tr>\n<tr class=\"\">\n<td class=\"h\">\n<h4>Lado ao centro<\/h4>\n<\/td>\n<td>\n<h4>29\u00a0mm<\/h4>\n<\/td>\n<td class=\"blurred\">\n<h4>1.14&#8243;<\/h4>\n<\/td>\n<\/tr>\n<tr class=\"\">\n<td class=\"h\">\n<h4>Altura sobre a haste<\/h4>\n<\/td>\n<td>\n<h4>107\u00a0mm<\/h4>\n<\/td>\n<td class=\"blurred\">\n<h4>4.21&#8243;<\/h4>\n<\/td>\n<\/tr>\n<tr class=\"\">\n<td class=\"h\">\n<h4>N\u00edvel de ru\u00eddo<\/h4>\n<\/td>\n<td colspan=\"2\">\n<h4>87\u00a0db(A)<\/h4>\n<\/td>\n<\/tr>\n<tr class=\"\">\n<td class=\"h\">\n<h4>Pot\u00eancia de som<\/h4>\n<\/td>\n<td colspan=\"2\">\n<h4>98\u00a0db(A)<\/h4>\n<\/td>\n<\/tr>\n<tr class=\"\">\n<td class=\"h\">\n<h4>Vibra\u00e7\u00e3o \u03b1 (ISO-28927-1)<\/h4>\n<\/td>\n<td colspan=\"2\">\n<h4>5.7\u00a0m\/s\u00b2<\/h4>\n<\/td>\n<\/tr>\n<tr class=\"\">\n<td class=\"h\">\n<h4>Vibra\u00e7\u00e3o K (ISO-28927-1)<\/h4>\n<\/td>\n<td colspan=\"2\">\n<h4>1.1\u00a0m\/s\u00b2<\/h4>\n<\/td>\n<\/tr>\n<tr class=\"\">\n<td class=\"h\">\n<h4>Consumo m\u00e9dio de ar<\/h4>\n<\/td>\n<td>\n<h4>0<\/h4>\n<\/td>\n<td class=\"blurred\"><\/td>\n<\/tr>\n<tr class=\"\">\n<td class=\"h\">\n<h4>Consumo real de ar<\/h4>\n<\/td>\n<td>\n<h4>36\u00a0l\/s<\/h4>\n<\/td>\n<td class=\"blurred\">\n<h4>77\u00a0cfm<\/h4>\n<\/td>\n<\/tr>\n<tr class=\"\">\n<td class=\"h\">\n<h4>Consumo de ar em velocidade livre<\/h4>\n<\/td>\n<td>\n<h4>17\u00a0l\/s<\/h4>\n<\/td>\n<td class=\"blurred\">\n<h4>36\u00a0cfm<\/h4>\n<\/td>\n<\/tr>\n<tr class=\"\">\n<td class=\"h\">\n<h4>Tamanho da rosca da entrada de ar<\/h4>\n<\/td>\n<td colspan=\"2\">\n<h4>1\/2<\/h4>\n<\/td>\n<\/tr>\n<tr class=\"\">\n<td class=\"h\">\n<h4>Dimens\u00f5es da caixa<\/h4>\n<\/td>\n<td>\n<h4>390X295X135<\/h4>\n<\/td>\n<\/tr>\n<\/tbody>\n<\/table>\n<p>&nbsp;<\/p>\n","protected":false},"excerpt":{"rendered":"<h4>Benef\u00edcios<\/h4>\n<ul class=\"features_list\">\n<li>\n<h4>A melhor produtividade e o mais alto conforto<\/h4>\n<\/li>\n<\/ul>\n<h4>Caracter\u00edsticas<\/h4>\n<ul class=\"features_list\">\n<li>\n<h4>Capacidade do disco de 7&#8243; (180 mm)<\/h4>\n<\/li>\n<li>\n<h4>Motor de alto desempenho de 2,8 hp (2100 W)<\/h4>\n<\/li>\n<li>\n<h4>Velocidade livre de 8500 rpm<\/h4>\n<\/li>\n<li>\n<h4>Corpo da empunhadura em \u00e2ngulo<\/h4>\n<\/li>\n<li>\n<h4>Alavanca de seguran\u00e7a de dupla a\u00e7\u00e3o<\/h4>\n<\/li>\n<li>\n<h4>Silenciador integrado<\/h4>\n<\/li>\n<li>\n<h4>Exaust\u00e3o orient\u00e1vel<\/h4>\n<\/li>\n<li>\n<h4>Bot\u00e3o de trava do eixo<\/h4>\n<\/li>\n<li>\n<h4>Balanceador autom\u00e1tico<\/h4>\n<\/li>\n<li>\n<h4>Empunhadura lateral de m\u00faltiplas posi\u00e7\u00f5es de amortecimento de vibra\u00e7\u00e3o<\/h4>\n<\/li>\n<li>\n<h4>Certifica\u00e7\u00e3o CE<\/h4>\n<\/li>\n<\/ul>\n","protected":false},"featured_media":3849,"template":"","meta":{"_links_to":"","_links_to_target":""},"product_cat":[33],"product_tag":[],"_links":{"self":[{"href":"https:\/\/www.leus.com.br\/index.php?rest_route=\/wp\/v2\/product\/3848"}],"collection":[{"href":"https:\/\/www.leus.com.br\/index.php?rest_route=\/wp\/v2\/product"}],"about":[{"href":"https:\/\/www.leus.com.br\/index.php?rest_route=\/wp\/v2\/types\/product"}],"wp:featuredmedia":[{"embeddable":true,"href":"https:\/\/www.leus.com.br\/index.php?rest_route=\/wp\/v2\/media\/3849"}],"wp:attachment":[{"href":"https:\/\/www.leus.com.br\/index.php?rest_route=%2Fwp%2Fv2%2Fmedia&parent=3848"}],"wp:term":[{"taxonomy":"product_cat","embeddable":true,"href":"https:\/\/www.leus.com.br\/index.php?rest_route=%2Fwp%2Fv2%2Fproduct_cat&post=3848"},{"taxonomy":"product_tag","embeddable":true,"href":"https:\/\/www.leus.com.br\/index.php?rest_route=%2Fwp%2Fv2%2Fproduct_tag&post=3848"}],"curies":[{"name":"wp","href":"https:\/\/api.w.org\/{rel}","templated":true}]}}