{"id":4171,"date":"2017-02-10T18:23:01","date_gmt":"2017-02-10T18:23:01","guid":{"rendered":"http:\/\/leus.com.br\/site\/?post_type=product&#038;p=4171"},"modified":"2019-02-13T11:03:04","modified_gmt":"2019-02-13T13:03:04","slug":"limpa-contatos-carbonpro","status":"publish","type":"product","link":"https:\/\/www.leus.com.br\/?product=limpa-contatos-carbonpro","title":{"rendered":"Limpa Contatos CarbonPro &#8211; 300 ml"},"content":{"rendered":"<h4>O Limpa Contatos \u00a0Carbonpro<\/h4>\n<h4>N\u00e3o provoca Oxida\u00e7\u00e3o e possui alta rigidez el\u00e9trica, oferecendo maior seguran\u00e7a e prote\u00e7\u00e3o para os usu\u00e1rios.<\/h4>\n<h4>Indicado especialmente para a limpeza de contatos el\u00e9tricos e componentes eletr\u00f4nicos de motores rel\u00eas, controles remotos, computadores, computadores , impressoras, chaves el\u00e9tricas, potenci\u00f4metros, inje\u00e7\u00f5es eletr\u00f4nicas, equipamentos industriais e etc.<\/h4>\n","protected":false},"excerpt":{"rendered":"<h4>O Limpa Contatos Carbonpro \u00a0apresenta umecta\u00e7\u00e3o dos componentes para total remo\u00e7\u00e3o da sujeirae secagem r\u00e1pida.<\/h4>\n<h4><span style=\"color: #ff0000;\">Para saber o valor por caixa, por gentileza entre em contato conosco.<\/span><\/h4>\n","protected":false},"featured_media":5240,"template":"","meta":{"_links_to":"","_links_to_target":""},"product_cat":[69],"product_tag":[],"_links":{"self":[{"href":"https:\/\/www.leus.com.br\/index.php?rest_route=\/wp\/v2\/product\/4171"}],"collection":[{"href":"https:\/\/www.leus.com.br\/index.php?rest_route=\/wp\/v2\/product"}],"about":[{"href":"https:\/\/www.leus.com.br\/index.php?rest_route=\/wp\/v2\/types\/product"}],"wp:featuredmedia":[{"embeddable":true,"href":"https:\/\/www.leus.com.br\/index.php?rest_route=\/wp\/v2\/media\/5240"}],"wp:attachment":[{"href":"https:\/\/www.leus.com.br\/index.php?rest_route=%2Fwp%2Fv2%2Fmedia&parent=4171"}],"wp:term":[{"taxonomy":"product_cat","embeddable":true,"href":"https:\/\/www.leus.com.br\/index.php?rest_route=%2Fwp%2Fv2%2Fproduct_cat&post=4171"},{"taxonomy":"product_tag","embeddable":true,"href":"https:\/\/www.leus.com.br\/index.php?rest_route=%2Fwp%2Fv2%2Fproduct_tag&post=4171"}],"curies":[{"name":"wp","href":"https:\/\/api.w.org\/{rel}","templated":true}]}}