{"id":4205,"date":"2017-03-20T18:51:23","date_gmt":"2017-03-20T18:51:23","guid":{"rendered":"http:\/\/leus.com.br\/site\/?post_type=product&#038;p=4205"},"modified":"2020-06-02T15:08:34","modified_gmt":"2020-06-02T18:08:34","slug":"aditivo-para-radiador-concentrado-ecologico-verde-autoshine","status":"publish","type":"product","link":"https:\/\/www.leus.com.br\/?product=aditivo-para-radiador-concentrado-ecologico-verde-autoshine","title":{"rendered":"Aditivo Para Radiador Concentrado CarbonPro Verde &#8211; Autoshine"},"content":{"rendered":"<h4>O Aditivo Para Radiador Ecol\u00f3gico CarbonPro \u00e9 um produto de alta performance \u00a0e possui prote\u00e7\u00e3o superior contra a corros\u00e3o, inibe a forma\u00e7\u00e3o de espumas , baixa o ponto de congelamento e eleva \u00a0o ponto de fervura da \u00e1gua. Compat\u00edvel com juntas, retentores elast\u00f4metros e outras \u00a0pe\u00e7as n\u00e3o met\u00e1licas \u00a0que comp\u00f5em \u00a0todo o sistema de arrefecimento do veiculo.<\/h4>\n<p><a href=\"http:\/\/leus.com.br\/site\/wp-content\/uploads\/2017\/03\/FISPQ-ADITIVO-ORG\u00c2NICO-20161.pdf\">FISPQ ADITIVO ORG\u00c2NICO 2016<\/a><\/p>\n","protected":false},"excerpt":{"rendered":"<h4>Protege o sistema da corros\u00e3o e previne o ressecamento das mangueiras \u00a0dando uma prote\u00e7\u00e3o especial para alum\u00ednio e metais.<\/h4>\n<h4><span style=\"color: #ff0000;\">Para saber o valor por caixa, por gentileza entre em contato conosco.<\/span><\/h4>\n","protected":false},"featured_media":5233,"template":"","meta":{"_links_to":"","_links_to_target":""},"product_cat":[69],"product_tag":[],"_links":{"self":[{"href":"https:\/\/www.leus.com.br\/index.php?rest_route=\/wp\/v2\/product\/4205"}],"collection":[{"href":"https:\/\/www.leus.com.br\/index.php?rest_route=\/wp\/v2\/product"}],"about":[{"href":"https:\/\/www.leus.com.br\/index.php?rest_route=\/wp\/v2\/types\/product"}],"wp:featuredmedia":[{"embeddable":true,"href":"https:\/\/www.leus.com.br\/index.php?rest_route=\/wp\/v2\/media\/5233"}],"wp:attachment":[{"href":"https:\/\/www.leus.com.br\/index.php?rest_route=%2Fwp%2Fv2%2Fmedia&parent=4205"}],"wp:term":[{"taxonomy":"product_cat","embeddable":true,"href":"https:\/\/www.leus.com.br\/index.php?rest_route=%2Fwp%2Fv2%2Fproduct_cat&post=4205"},{"taxonomy":"product_tag","embeddable":true,"href":"https:\/\/www.leus.com.br\/index.php?rest_route=%2Fwp%2Fv2%2Fproduct_tag&post=4205"}],"curies":[{"name":"wp","href":"https:\/\/api.w.org\/{rel}","templated":true}]}}