{"id":4290,"date":"2017-08-29T20:11:50","date_gmt":"2017-08-29T20:11:50","guid":{"rendered":"http:\/\/leus.com.br\/site\/?post_type=product&#038;p=4290"},"modified":"2019-07-17T08:41:17","modified_gmt":"2019-07-17T11:41:17","slug":"silicone-removedor-de-juntas","status":"publish","type":"product","link":"https:\/\/www.leus.com.br\/?product=silicone-removedor-de-juntas","title":{"rendered":"Silicone Removedor de Juntas GR-600"},"content":{"rendered":"<h4>Instru\u00e7\u00f5es de Uso:<\/h4>\n<h4>1- Passe o spray do produto removedor de juntas e deixe repousar por 5 a 10 minutos.<\/h4>\n<h4>2- Remova a junta dissolvida com uma faca de massa.<\/h4>\n<h4>3- Prepare a superf\u00edcie para a instala\u00e7\u00e3o de uma nova junta.<\/h4>\n","protected":false},"excerpt":{"rendered":"<h4>Removedor de silicone O ABRO \u00e9 um produto especialmente desenvolvido para a remo\u00e7\u00e3o r\u00e1pida de juntas de silicone antigas, sintetizadas, expostas \u00e0 temperatura e selantes de silicone, dep\u00f3sitos de carbono, \u00f3leos secos, adesivos, lubrificantes, tintas a partir de superf\u00edcies met\u00e1licas.\u00a0Pode danificar pl\u00e1sticos, fibra de vidro e alguns materiais sint\u00e9ticos.\u00a0Antes de usar nessas superf\u00edcies, teste-as para obter uma melhor penetra\u00e7\u00e3o.<\/h4>\n<h4><span style=\"color: #ff0000;\">Para saber o valor por caixa, por gentileza entre em contato conosco.<\/span><\/h4>\n<p>&nbsp;<\/p>\n","protected":false},"featured_media":5458,"template":"","meta":{"_links_to":"","_links_to_target":""},"product_cat":[11],"product_tag":[],"_links":{"self":[{"href":"https:\/\/www.leus.com.br\/index.php?rest_route=\/wp\/v2\/product\/4290"}],"collection":[{"href":"https:\/\/www.leus.com.br\/index.php?rest_route=\/wp\/v2\/product"}],"about":[{"href":"https:\/\/www.leus.com.br\/index.php?rest_route=\/wp\/v2\/types\/product"}],"wp:featuredmedia":[{"embeddable":true,"href":"https:\/\/www.leus.com.br\/index.php?rest_route=\/wp\/v2\/media\/5458"}],"wp:attachment":[{"href":"https:\/\/www.leus.com.br\/index.php?rest_route=%2Fwp%2Fv2%2Fmedia&parent=4290"}],"wp:term":[{"taxonomy":"product_cat","embeddable":true,"href":"https:\/\/www.leus.com.br\/index.php?rest_route=%2Fwp%2Fv2%2Fproduct_cat&post=4290"},{"taxonomy":"product_tag","embeddable":true,"href":"https:\/\/www.leus.com.br\/index.php?rest_route=%2Fwp%2Fv2%2Fproduct_tag&post=4290"}],"curies":[{"name":"wp","href":"https:\/\/api.w.org\/{rel}","templated":true}]}}