{"id":4298,"date":"2017-08-30T20:11:39","date_gmt":"2017-08-30T20:11:39","guid":{"rendered":"http:\/\/leus.com.br\/site\/?post_type=product&#038;p=4298"},"modified":"2019-07-16T17:33:14","modified_gmt":"2019-07-16T20:33:14","slug":"adesivo-epoxi-eg-330","status":"publish","type":"product","link":"https:\/\/www.leus.com.br\/?product=adesivo-epoxi-eg-330","title":{"rendered":"Adesivo Epoxi- EG &#8211; 330"},"content":{"rendered":"<h4>Instru\u00e7\u00f5es de uso<\/h4>\n<h4>1- Para melhores resultados, limpe a superf\u00edcie.<\/h4>\n<h4>2- Retire a palheta misturadora do centro do embolo. Mantenha a seringa com a abertura virada para cima e o embolo para tr\u00e1s permitindo que as bolhas subam.<\/h4>\n<h4>3- Empurre o embolo para frente \u00a0deixando sair \u00a0uma quantidade de resina e endurecedor em uma superf\u00edcie aplic\u00e1vel.<\/h4>\n<h4>4- Limpe os bocais e fechos.<\/h4>\n<h4>\u00a05- Misture o conte\u00fado e aplique nas superf\u00edcies.Endurece em apenas 5 minutos e adquire a sua for\u00e7a total em uma hora. Temperaturas baixas aumentam o tempo de endurecimento.<\/h4>\n<div class='et_post_video'><iframe width=\"1080\" height=\"608\" src=\"https:\/\/www.youtube.com\/embed\/spLrZAMU7GM?feature=oembed\" frameborder=\"0\" allow=\"accelerometer; autoplay; encrypted-media; gyroscope; picture-in-picture\" allowfullscreen><\/iframe><\/div>\n","protected":false},"excerpt":{"rendered":"<h4>Adesivo Epoxi liga e repara rapidamente metais, madeira, cer\u00e2mica, concreto, pedra e a maioria dos pl\u00e1sticos.<\/h4>\n<h4><span style=\"color: #ff0000;\">Para saber o valor por caixa, por gentileza entre em contato conosco.<\/span><\/h4>\n","protected":false},"featured_media":5454,"template":"","meta":{"_links_to":"","_links_to_target":""},"product_cat":[11],"product_tag":[],"_links":{"self":[{"href":"https:\/\/www.leus.com.br\/index.php?rest_route=\/wp\/v2\/product\/4298"}],"collection":[{"href":"https:\/\/www.leus.com.br\/index.php?rest_route=\/wp\/v2\/product"}],"about":[{"href":"https:\/\/www.leus.com.br\/index.php?rest_route=\/wp\/v2\/types\/product"}],"wp:featuredmedia":[{"embeddable":true,"href":"https:\/\/www.leus.com.br\/index.php?rest_route=\/wp\/v2\/media\/5454"}],"wp:attachment":[{"href":"https:\/\/www.leus.com.br\/index.php?rest_route=%2Fwp%2Fv2%2Fmedia&parent=4298"}],"wp:term":[{"taxonomy":"product_cat","embeddable":true,"href":"https:\/\/www.leus.com.br\/index.php?rest_route=%2Fwp%2Fv2%2Fproduct_cat&post=4298"},{"taxonomy":"product_tag","embeddable":true,"href":"https:\/\/www.leus.com.br\/index.php?rest_route=%2Fwp%2Fv2%2Fproduct_tag&post=4298"}],"curies":[{"name":"wp","href":"https:\/\/api.w.org\/{rel}","templated":true}]}}