{"id":4408,"date":"2017-12-13T19:56:45","date_gmt":"2017-12-13T19:56:45","guid":{"rendered":"http:\/\/leus.com.br\/site\/?post_type=product&#038;p=4408"},"modified":"2019-01-23T09:20:15","modified_gmt":"2019-01-23T11:20:15","slug":"graxa-multi-proposito-super-vermelha-abro-lg-921","status":"publish","type":"product","link":"https:\/\/www.leus.com.br\/?product=graxa-multi-proposito-super-vermelha-abro-lg-921","title":{"rendered":"Graxa Multi- Prop\u00f3sito Super Vermelha Abro LG-921"},"content":{"rendered":"","protected":false},"excerpt":{"rendered":"<h4>A graxa vermelha de l\u00edtio multi uso foi feita para o uso pesado e para temperaturas at\u00e9 (205\u00b0C) Tem uma excelente resist\u00eancia a \u00e1gua e pode ser utilizada em equipamentos marinhos. Ideal para rolamentos de rodas , sistemas de suspens\u00e3o, juntas universais, bombas de \u00e1gua e chassis.<\/h4>\n<h4><span style=\"color: #ff0000;\">Para saber o valor por caixa, por gentileza entre em contato conosco.<\/span><\/h4>\n","protected":false},"featured_media":5135,"template":"","meta":{"_links_to":"","_links_to_target":""},"product_cat":[11],"product_tag":[],"_links":{"self":[{"href":"https:\/\/www.leus.com.br\/index.php?rest_route=\/wp\/v2\/product\/4408"}],"collection":[{"href":"https:\/\/www.leus.com.br\/index.php?rest_route=\/wp\/v2\/product"}],"about":[{"href":"https:\/\/www.leus.com.br\/index.php?rest_route=\/wp\/v2\/types\/product"}],"wp:featuredmedia":[{"embeddable":true,"href":"https:\/\/www.leus.com.br\/index.php?rest_route=\/wp\/v2\/media\/5135"}],"wp:attachment":[{"href":"https:\/\/www.leus.com.br\/index.php?rest_route=%2Fwp%2Fv2%2Fmedia&parent=4408"}],"wp:term":[{"taxonomy":"product_cat","embeddable":true,"href":"https:\/\/www.leus.com.br\/index.php?rest_route=%2Fwp%2Fv2%2Fproduct_cat&post=4408"},{"taxonomy":"product_tag","embeddable":true,"href":"https:\/\/www.leus.com.br\/index.php?rest_route=%2Fwp%2Fv2%2Fproduct_tag&post=4408"}],"curies":[{"name":"wp","href":"https:\/\/api.w.org\/{rel}","templated":true}]}}