{"id":4429,"date":"2017-12-21T12:05:31","date_gmt":"2017-12-21T12:05:31","guid":{"rendered":"http:\/\/leus.com.br\/site\/?post_type=product&#038;p=4429"},"modified":"2019-01-25T13:50:40","modified_gmt":"2019-01-25T15:50:40","slug":"anticongelante-abro-af-550","status":"publish","type":"product","link":"https:\/\/www.leus.com.br\/?product=anticongelante-abro-af-550","title":{"rendered":"Anticongelante Abro AF-550"},"content":{"rendered":"<p>Segue abaixo a ficha FSPQ do produto<\/p>\n<p><a href=\"http:\/\/leus.com.br\/site\/wp-content\/uploads\/2017\/12\/AF-550-1L-P-FISPQ.pdf\">AF 550 -1L-P &#8211; FISPQ<\/a><\/p>\n","protected":false},"excerpt":{"rendered":"<h4>Projetado para o uso em sistemas de resfriamento, para todos os tipos de motores a gasolina, flex e a diesel de qualquer desing e temperatura. Baseia-se em uma f\u00f3rmula de etilenoglicol 50% concentrado de mais alta qualidade, com uma embalagem unica de aditivos org\u00e2nicos. Fornece\u00a0 prote\u00e7\u00e3o anti cavita\u00e7\u00e3o e corros\u00e3o prevenindo a forma\u00e7\u00e3o de escala. Fornece uma opera\u00e7\u00e3o confi\u00e1vel do sistema de arrefecimento\u00a0 do motor a uma temperatura ambiente.<\/h4>\n<h4><span style=\"color: #ff0000;\">Para saber o valor por caixa, por gentileza entre em contato conosco.<\/span><\/h4>\n","protected":false},"featured_media":5180,"template":"","meta":{"_links_to":"","_links_to_target":""},"product_cat":[15],"product_tag":[],"_links":{"self":[{"href":"https:\/\/www.leus.com.br\/index.php?rest_route=\/wp\/v2\/product\/4429"}],"collection":[{"href":"https:\/\/www.leus.com.br\/index.php?rest_route=\/wp\/v2\/product"}],"about":[{"href":"https:\/\/www.leus.com.br\/index.php?rest_route=\/wp\/v2\/types\/product"}],"wp:featuredmedia":[{"embeddable":true,"href":"https:\/\/www.leus.com.br\/index.php?rest_route=\/wp\/v2\/media\/5180"}],"wp:attachment":[{"href":"https:\/\/www.leus.com.br\/index.php?rest_route=%2Fwp%2Fv2%2Fmedia&parent=4429"}],"wp:term":[{"taxonomy":"product_cat","embeddable":true,"href":"https:\/\/www.leus.com.br\/index.php?rest_route=%2Fwp%2Fv2%2Fproduct_cat&post=4429"},{"taxonomy":"product_tag","embeddable":true,"href":"https:\/\/www.leus.com.br\/index.php?rest_route=%2Fwp%2Fv2%2Fproduct_tag&post=4429"}],"curies":[{"name":"wp","href":"https:\/\/api.w.org\/{rel}","templated":true}]}}