{"id":5286,"date":"2019-02-26T08:50:03","date_gmt":"2019-02-26T11:50:03","guid":{"rendered":"http:\/\/leus.com.br\/site\/?post_type=product&#038;p=5286"},"modified":"2019-02-26T08:54:22","modified_gmt":"2019-02-26T11:54:22","slug":"abro-super-seal-ss-822","status":"publish","type":"product","link":"https:\/\/www.leus.com.br\/?product=abro-super-seal-ss-822","title":{"rendered":"ABRO SUPER SEAL SS-822"},"content":{"rendered":"<p><strong>Instru\u00e7\u00f5es: Drene o sistema de arrefecimento e encha com \u00e1gua. O motor deve estar em marcha lenta at\u00e9 que o termostato esteja aberto e a \u00e1gua esteja circulando. Adicione\u00a0 \u00e1gua at\u00e9 encher completamente o sistema. Agite bem o Super Selador Abro e despeje no radiador. Instale a tampa do radiador e deixe o motor funcionar por 15 minutos ou at\u00e9 que o vazamento pare. Drene o sistema de arrefecimento e volte a encher com l\u00edquido refrigerante, conforme necess\u00e1rio. Nunca despeje em um radiador com n\u00facleos expostos ou baixo n\u00edvel de \u00e1gua.<\/strong><\/p>\n","protected":false},"excerpt":{"rendered":"<ul>\n<li><strong>\u00a0Forma prote\u00e7\u00e3o ultra forte resistente a altas temperaturas, vibra\u00e7\u00e3o e press\u00e3o.<\/strong><\/li>\n<li><strong>Elimina a necessidade de revis\u00e3o onerosa do motor, exigida pelo tempo.<\/strong><\/li>\n<li><strong>Veda as conex\u00f5es do bloco de cilindros, do radiador, da junta da cabe\u00e7a do cilindro e do buj\u00e3o para drenar o anticongelante.<\/strong><\/li>\n<\/ul>\n","protected":false},"featured_media":5288,"template":"","meta":{"_links_to":"","_links_to_target":""},"product_cat":[15],"product_tag":[],"_links":{"self":[{"href":"https:\/\/www.leus.com.br\/index.php?rest_route=\/wp\/v2\/product\/5286"}],"collection":[{"href":"https:\/\/www.leus.com.br\/index.php?rest_route=\/wp\/v2\/product"}],"about":[{"href":"https:\/\/www.leus.com.br\/index.php?rest_route=\/wp\/v2\/types\/product"}],"wp:featuredmedia":[{"embeddable":true,"href":"https:\/\/www.leus.com.br\/index.php?rest_route=\/wp\/v2\/media\/5288"}],"wp:attachment":[{"href":"https:\/\/www.leus.com.br\/index.php?rest_route=%2Fwp%2Fv2%2Fmedia&parent=5286"}],"wp:term":[{"taxonomy":"product_cat","embeddable":true,"href":"https:\/\/www.leus.com.br\/index.php?rest_route=%2Fwp%2Fv2%2Fproduct_cat&post=5286"},{"taxonomy":"product_tag","embeddable":true,"href":"https:\/\/www.leus.com.br\/index.php?rest_route=%2Fwp%2Fv2%2Fproduct_tag&post=5286"}],"curies":[{"name":"wp","href":"https:\/\/api.w.org\/{rel}","templated":true}]}}