{"id":5333,"date":"2019-04-12T09:29:49","date_gmt":"2019-04-12T12:29:49","guid":{"rendered":"http:\/\/leus.com.br\/site\/?post_type=product&#038;p=5333"},"modified":"2019-04-12T11:09:47","modified_gmt":"2019-04-12T14:09:47","slug":"oleo-de-motor-abro-100-sintetico-5w-20","status":"publish","type":"product","link":"https:\/\/www.leus.com.br\/?product=oleo-de-motor-abro-100-sintetico-5w-20","title":{"rendered":"\u00d3leo de Motor ABRO 100% Sint\u00e9tico 5W-20"},"content":{"rendered":"<p>O \u00d3leo 100% Sint\u00e9tico 5W-20 ABRO atende ou excede os requerimentos mais rigorosos da ind\u00fastria de \u00f3leos. Atende a mais moderna categoria de servi\u00e7o do American Petroleum Institute, a categoria API SN. Tamb\u00e9m atende ou excede o exigente padr\u00e3o ILSAC GF-5, o mais moderno padr\u00e3o para carros, camionetes, vans e SUVs do mercado. \u00c9 tamb\u00e9m recomendado para motores mais velhos, podendo ser usado em ve\u00edculos onde o manual recomende \u00f3leos API SM ou SL, assim como ILSAC GF-4 ou anteriores. Consulte o manual e siga sempre as recomenda\u00e7\u00f5es do fabricante do ve\u00edculo.<br \/>\n<strong>Aplica\u00e7\u00f5es: API SN (SM, SL) ILSAC GF-5 (GF-4, GF-3, GF-2)<\/strong><br \/>\n<strong>Atende as especifica\u00e7\u00f5es dos fabricantes: FORD WSS-M2C-947A, CHRYSLER MS6395, <\/strong><strong>GM 6094, <\/strong><strong>GM DEXOS 1\u00a0<\/strong><\/p>\n","protected":false},"excerpt":{"rendered":"<p>Formulado \u00e0 base de \u00f3leo PAO (polialfaolefina) sint\u00e9ticos de alta qualidade e refor\u00e7ado com uma combina\u00e7\u00e3o de aditivos de \u00faltima gera\u00e7\u00e3o, o \u00d3leo 100% Sint\u00e9tico 5W-20 SN GF-5 ABRO proporciona ao motor uma \u00f3tima lubrifica\u00e7\u00e3o sob as mais diversas condi\u00e7\u00f5es operacionais. Sua f\u00f3rmula de baixa fric\u00e7\u00e3o e alta fluidez ajuda tamb\u00e9m a melhorar a economia de combust\u00edvel e protege o motor contra ferrugem, corros\u00e3o e forma\u00e7\u00e3o de borras no motor. Para Motores a Gasolina, Etanol, Flex e GNV.<\/p>\n","protected":false},"featured_media":5334,"template":"","meta":{"_links_to":"","_links_to_target":""},"product_cat":[87],"product_tag":[],"_links":{"self":[{"href":"https:\/\/www.leus.com.br\/index.php?rest_route=\/wp\/v2\/product\/5333"}],"collection":[{"href":"https:\/\/www.leus.com.br\/index.php?rest_route=\/wp\/v2\/product"}],"about":[{"href":"https:\/\/www.leus.com.br\/index.php?rest_route=\/wp\/v2\/types\/product"}],"wp:featuredmedia":[{"embeddable":true,"href":"https:\/\/www.leus.com.br\/index.php?rest_route=\/wp\/v2\/media\/5334"}],"wp:attachment":[{"href":"https:\/\/www.leus.com.br\/index.php?rest_route=%2Fwp%2Fv2%2Fmedia&parent=5333"}],"wp:term":[{"taxonomy":"product_cat","embeddable":true,"href":"https:\/\/www.leus.com.br\/index.php?rest_route=%2Fwp%2Fv2%2Fproduct_cat&post=5333"},{"taxonomy":"product_tag","embeddable":true,"href":"https:\/\/www.leus.com.br\/index.php?rest_route=%2Fwp%2Fv2%2Fproduct_tag&post=5333"}],"curies":[{"name":"wp","href":"https:\/\/api.w.org\/{rel}","templated":true}]}}