{"id":5668,"date":"2019-08-23T08:41:25","date_gmt":"2019-08-23T11:41:25","guid":{"rendered":"https:\/\/www.leus.com.br\/site\/?post_type=product&#038;p=5668"},"modified":"2020-02-13T15:59:18","modified_gmt":"2020-02-13T18:59:18","slug":"desengraxante-de-motores-e-industrial-uso-super-pesado","status":"publish","type":"product","link":"https:\/\/www.leus.com.br\/?product=desengraxante-de-motores-e-industrial-uso-super-pesado","title":{"rendered":"DG-400 Desengraxante de Motores e Industrial ABRO &#8211; Uso Super Pesado -indispon\u00edvel em estoque"},"content":{"rendered":"<h5>Instru\u00e7\u00f5es: Agite bem antes de usar. Aque\u00e7a o motor at\u00e9 que atinja a temperatura de funcionamento por (5 minutos) e logo depois desligue o motor. Retire o filtro de ar, cubra o carburador, o distribuidor e a bateria com pl\u00e1stico para manter seco. Agite bem, e pulverize generosamente em um motor seco.\u00a0 (n\u00e3o t\u00e3o quente) e permita a a\u00e7\u00e3o do produto por 15 minutos.\u00a0 Para \u00e1reas encrustadas a escova\u00e7\u00e3o poder\u00e1 ser necess\u00e1ria. Remova o res\u00edduo do produto com \u00e1gua pressurizada. Remova o pl\u00e1stico das partes protegidas e ligue o motor para secar.<\/h5>\n<h4>Precau\u00e7\u00f5es: Em caso de contato com a pele, lave imediatamente com \u00e1gua corrente e sab\u00e3o.<\/h4>\n","protected":false},"excerpt":{"rendered":"<h5>Limpa e desengraxa, motores e equipamentos, motores a diesel e a gasolina, motores de popa (embarca\u00e7\u00f5es), geradores e maquinas industriais. Remove a sujeira e manchas de asfalto., graxas de todos os tipos e superf\u00edcies incluindo alvenaria.<\/h5>\n","protected":false},"featured_media":5669,"template":"","meta":{"_links_to":"","_links_to_target":""},"product_cat":[14],"product_tag":[],"_links":{"self":[{"href":"https:\/\/www.leus.com.br\/index.php?rest_route=\/wp\/v2\/product\/5668"}],"collection":[{"href":"https:\/\/www.leus.com.br\/index.php?rest_route=\/wp\/v2\/product"}],"about":[{"href":"https:\/\/www.leus.com.br\/index.php?rest_route=\/wp\/v2\/types\/product"}],"wp:featuredmedia":[{"embeddable":true,"href":"https:\/\/www.leus.com.br\/index.php?rest_route=\/wp\/v2\/media\/5669"}],"wp:attachment":[{"href":"https:\/\/www.leus.com.br\/index.php?rest_route=%2Fwp%2Fv2%2Fmedia&parent=5668"}],"wp:term":[{"taxonomy":"product_cat","embeddable":true,"href":"https:\/\/www.leus.com.br\/index.php?rest_route=%2Fwp%2Fv2%2Fproduct_cat&post=5668"},{"taxonomy":"product_tag","embeddable":true,"href":"https:\/\/www.leus.com.br\/index.php?rest_route=%2Fwp%2Fv2%2Fproduct_tag&post=5668"}],"curies":[{"name":"wp","href":"https:\/\/api.w.org\/{rel}","templated":true}]}}