{"id":5764,"date":"2020-02-20T11:18:40","date_gmt":"2020-02-20T14:18:40","guid":{"rendered":"https:\/\/www.leus.com.br\/site\/?post_type=product&#038;p=5764"},"modified":"2020-02-20T16:48:53","modified_gmt":"2020-02-20T19:48:53","slug":"restaurador-e-polidor-de-farois-abro-hr-237","status":"publish","type":"product","link":"https:\/\/www.leus.com.br\/?product=restaurador-e-polidor-de-farois-abro-hr-237","title":{"rendered":"RESTAURADOR E POLIDOR DE FAR\u00d3IS -ABRO &#8211; HR-237"},"content":{"rendered":"<p><strong>Caso precisar usar uma lixa 2000 e passar no farol, ap\u00f3s isso passar com abund\u00e2ncia o produto,\u00a0 aguardar 2 minutos para que o produto fa\u00e7a efeito e com um pano limpo e seco esfregar o farol de modo que todo o produto desapare\u00e7a da superf\u00edcie. N\u00e3o expor o produto em temperaturas acima de 120\u00baF (49\u00baC). Irritante a pele e aos olhos. Em caso de contato com os olhos, lave por 15 minutos em agua corrente, com a pele, lave com \u00e1gua e sab\u00e3o. Se a irrita\u00e7\u00e3o persistir, consulte um m\u00e9dico. N\u00e3o ingerir. Em caso de ingest\u00e3o, procurar atendimento m\u00e9dico.<\/strong><\/p>\n<p><strong><a href=\"https:\/\/www.leus.com.br\/site\/wp-content\/uploads\/2020\/02\/HR-237-pt.pdf\">FSPQ HR-237-pt<\/a><\/strong><\/p>\n<p><img loading=\"lazy\" class=\"alignnone size-full wp-image-5767\" src=\"https:\/\/www.leus.com.br\/site\/wp-content\/uploads\/2020\/02\/nat.jpg\" alt=\"hr-237 - polidor e restaurador de far\u00f3is\" width=\"851\" height=\"607\" srcset=\"https:\/\/www.leus.com.br\/site\/wp-content\/uploads\/2020\/02\/nat.jpg 851w, https:\/\/www.leus.com.br\/site\/wp-content\/uploads\/2020\/02\/nat-600x428.jpg 600w, https:\/\/www.leus.com.br\/site\/wp-content\/uploads\/2020\/02\/nat-300x214.jpg 300w, https:\/\/www.leus.com.br\/site\/wp-content\/uploads\/2020\/02\/nat-260x185.jpg 260w, https:\/\/www.leus.com.br\/site\/wp-content\/uploads\/2020\/02\/nat-768x548.jpg 768w, https:\/\/www.leus.com.br\/site\/wp-content\/uploads\/2020\/02\/nat-400x284.jpg 400w\" sizes=\"(max-width: 851px) 100vw, 851px\" \/><\/p>\n","protected":false},"excerpt":{"rendered":"<p><strong>Restaura a claridade e melhora a visibilidade, removendo o fosco do farol e prevenindo a re-colora\u00e7\u00e3o. Indicado o uso a cada 3 meses.<\/strong><\/p>\n","protected":false},"featured_media":5765,"template":"","meta":{"_links_to":"","_links_to_target":""},"product_cat":[11],"product_tag":[],"_links":{"self":[{"href":"https:\/\/www.leus.com.br\/index.php?rest_route=\/wp\/v2\/product\/5764"}],"collection":[{"href":"https:\/\/www.leus.com.br\/index.php?rest_route=\/wp\/v2\/product"}],"about":[{"href":"https:\/\/www.leus.com.br\/index.php?rest_route=\/wp\/v2\/types\/product"}],"wp:featuredmedia":[{"embeddable":true,"href":"https:\/\/www.leus.com.br\/index.php?rest_route=\/wp\/v2\/media\/5765"}],"wp:attachment":[{"href":"https:\/\/www.leus.com.br\/index.php?rest_route=%2Fwp%2Fv2%2Fmedia&parent=5764"}],"wp:term":[{"taxonomy":"product_cat","embeddable":true,"href":"https:\/\/www.leus.com.br\/index.php?rest_route=%2Fwp%2Fv2%2Fproduct_cat&post=5764"},{"taxonomy":"product_tag","embeddable":true,"href":"https:\/\/www.leus.com.br\/index.php?rest_route=%2Fwp%2Fv2%2Fproduct_tag&post=5764"}],"curies":[{"name":"wp","href":"https:\/\/api.w.org\/{rel}","templated":true}]}}