{"id":616,"date":"2015-03-05T16:07:18","date_gmt":"2015-03-05T16:07:18","guid":{"rendered":"http:\/\/leus.com.br\/site\/?post_type=product&#038;p=616"},"modified":"2018-06-22T17:36:18","modified_gmt":"2018-06-22T20:36:18","slug":"clearview-anti-chuva","status":"publish","type":"product","link":"https:\/\/www.leus.com.br\/?product=clearview-anti-chuva","title":{"rendered":"Clearview Anti-Chuva &#8211; AR-180 &#8211; 103ml"},"content":{"rendered":"<p>&nbsp;<\/p>\n<h4>Visualiza\u00e7\u00e3o clara anti- chuva<\/h4>\n<h4>Para uma visibilidade n\u00edtida em chuva, granizo ou na neblina.<\/h4>\n<h4>Para vidro exterior.<\/h4>\n<h4>Adequado apenas para superf\u00edcies exteriores de vidro transparente!<\/h4>\n<h4>Apenas use os limpadores de p\u00e1ra-brisa quando a o\u00a0 condi\u00e7\u00e3o requerer.<\/h4>\n<h4>Instru\u00e7\u00f5es: O vidro exterior deve estar limpo antes de tratar. Agite bem . Aplique uma pequena quantidade em um pano macio dobrado e esfregue em vidro usando um movimento circular firme. Permitir secar a emba\u00e7amento ma\u00e7ante. Aplicar uma segunda aplica\u00e7\u00e3o sobreposta no sentido oposto. Deixe secar. Limpe com um pano limpo \u00a0at\u00e9 que o vidro fique \u201ccristalizado&#8221;.<\/h4>\n<p>&nbsp;<\/p>\n<p>&nbsp;<\/p>\n<div class='et_post_video'><iframe width=\"1080\" height=\"608\" src=\"https:\/\/www.youtube.com\/embed\/BT7vsdJDpFk?feature=oembed\" frameborder=\"0\" allow=\"autoplay; encrypted-media\" allowfullscreen><\/iframe><\/div>\n","protected":false},"excerpt":{"rendered":"<ul>\n<li>\n<h4><span lang=\"pt\">Melhora a visibilidade em dias de chuva com s<\/span><span lang=\"pt\">eguran\u00e7a e conforto.<\/span><\/h4>\n<\/li>\n<li>\n<h4><span lang=\"pt\">Usado na parte externa do\u00a0para-brisa, repele a chuva e neve.<\/span><\/h4>\n<\/li>\n<li>\n<h4><span lang=\"pt\">\u00d3timo tamb\u00e9m para\u00a0janelas e portas de p\u00e1tios.<\/span><\/h4>\n<\/li>\n<\/ul>\n<h4><span style=\"color: #ff0000;\">Para saber o valor por caixa, por gentileza entre em contato conosco.<\/span><\/h4>\n<h4>Un: 103ml<\/h4>\n","protected":false},"featured_media":5141,"template":"","meta":{"_links_to":"","_links_to_target":""},"product_cat":[11],"product_tag":[],"_links":{"self":[{"href":"https:\/\/www.leus.com.br\/index.php?rest_route=\/wp\/v2\/product\/616"}],"collection":[{"href":"https:\/\/www.leus.com.br\/index.php?rest_route=\/wp\/v2\/product"}],"about":[{"href":"https:\/\/www.leus.com.br\/index.php?rest_route=\/wp\/v2\/types\/product"}],"wp:featuredmedia":[{"embeddable":true,"href":"https:\/\/www.leus.com.br\/index.php?rest_route=\/wp\/v2\/media\/5141"}],"wp:attachment":[{"href":"https:\/\/www.leus.com.br\/index.php?rest_route=%2Fwp%2Fv2%2Fmedia&parent=616"}],"wp:term":[{"taxonomy":"product_cat","embeddable":true,"href":"https:\/\/www.leus.com.br\/index.php?rest_route=%2Fwp%2Fv2%2Fproduct_cat&post=616"},{"taxonomy":"product_tag","embeddable":true,"href":"https:\/\/www.leus.com.br\/index.php?rest_route=%2Fwp%2Fv2%2Fproduct_tag&post=616"}],"curies":[{"name":"wp","href":"https:\/\/api.w.org\/{rel}","templated":true}]}}