{"id":731,"date":"2015-11-11T17:32:53","date_gmt":"2015-11-11T17:32:53","guid":{"rendered":"http:\/\/leus.com.br\/site\/?post_type=product&#038;p=731"},"modified":"2019-01-25T10:38:59","modified_gmt":"2019-01-25T12:38:59","slug":"fs-900-fuel-system-cleaner","status":"publish","type":"product","link":"https:\/\/www.leus.com.br\/?product=fs-900-fuel-system-cleaner","title":{"rendered":"Fuel System Cleaner &#8211; FS 900 &#8211; 473ml"},"content":{"rendered":"<h2><em><span lang=\"EN-US\">FUL SYSTEM CLEANER<\/span><\/em><\/h2>\n<h4>LIMPADOR DE SISTEMAS DE COMBUSTIVEL \u2013 USO PROFISSIONAL<\/h4>\n<h4>MODO DE USO<\/h4>\n<h4>N\u00e3o ligue o carro. Agite bem, coloque todo o conte\u00fado em pelo menos \u00bc de tanque, o produto trata at\u00e9 100 litros de gasolina. Utilize o carro normalmente, para obter melhores resultados utilize a gasolina at\u00e9 o fim, sem abastecer. Utilize o produto a cada 5 mil quil\u00f4metros. N\u00e3o utilize em motores 2 tempos e motores a diesel.<\/h4>\n<h4>MANTER FORA DO ALCANCE DAS CRIAN\u00c7AS!<\/h4>\n<p><a href=\"http:\/\/leus.com.br\/site\/wp-content\/uploads\/2015\/11\/FSQ-Ficha-Informativa-FS-900.pdf\">FSQ -Ficha Informativa FS-900<\/a><\/p>\n<h4>Un: 473ml<\/h4>\n<p>&nbsp;<\/p>\n","protected":false},"excerpt":{"rendered":"<h4>Contem uma f\u00f3rmula poderosa que ir\u00e1 limpar e remover todo o acumulo de res\u00edduos nas v\u00e1lvulas de admiss\u00e3o, injetores de combust\u00edvel e carburadores. Ele protege contra a corros\u00e3o e a forma\u00e7\u00e3o de carbono, minimiza o desgaste do motor melhorando o seu desempenho, tornando-o mais econ\u00f4mico. Al\u00e9m disso, elimina o acumulo de carbono reduzindo as emiss\u00f5es de gases. N\u00e3o danifica os sensores de oxig\u00eanio e os conversores catal\u00edticos. Pode ser usado em todos os motores Flex, uma garrafa trata at\u00e9 100 litros.<\/h4>\n<h4><span style=\"color: #ff0000;\">Para saber o valor por caixa, por gentileza entre em contato conosco.<\/span><\/h4>\n<h4>Un: 473ml<\/h4>\n<h4><\/h4>\n<h4><\/h4>\n<h4><\/h4>\n","protected":false},"featured_media":5171,"template":"","meta":{"_links_to":"","_links_to_target":""},"product_cat":[13],"product_tag":[],"_links":{"self":[{"href":"https:\/\/www.leus.com.br\/index.php?rest_route=\/wp\/v2\/product\/731"}],"collection":[{"href":"https:\/\/www.leus.com.br\/index.php?rest_route=\/wp\/v2\/product"}],"about":[{"href":"https:\/\/www.leus.com.br\/index.php?rest_route=\/wp\/v2\/types\/product"}],"wp:featuredmedia":[{"embeddable":true,"href":"https:\/\/www.leus.com.br\/index.php?rest_route=\/wp\/v2\/media\/5171"}],"wp:attachment":[{"href":"https:\/\/www.leus.com.br\/index.php?rest_route=%2Fwp%2Fv2%2Fmedia&parent=731"}],"wp:term":[{"taxonomy":"product_cat","embeddable":true,"href":"https:\/\/www.leus.com.br\/index.php?rest_route=%2Fwp%2Fv2%2Fproduct_cat&post=731"},{"taxonomy":"product_tag","embeddable":true,"href":"https:\/\/www.leus.com.br\/index.php?rest_route=%2Fwp%2Fv2%2Fproduct_tag&post=731"}],"curies":[{"name":"wp","href":"https:\/\/api.w.org\/{rel}","templated":true}]}}