{"id":737,"date":"2015-11-11T17:40:02","date_gmt":"2015-11-11T17:40:02","guid":{"rendered":"http:\/\/leus.com.br\/site\/?post_type=product&#038;p=737"},"modified":"2019-01-28T09:41:44","modified_gmt":"2019-01-28T11:41:44","slug":"stop-leak-powder","status":"publish","type":"product","link":"https:\/\/www.leus.com.br\/?product=stop-leak-powder","title":{"rendered":"Stop Leak Powder &#8211; AB-404 &#8211; Tubo 20g"},"content":{"rendered":"<h4><\/h4>\n<h4>Antes de usar, aque\u00e7a o motor de modo que o radiador fique quente.\u00a0Desligue o motor e espere um pouco at\u00e9 a press\u00e3o no sistema de refrigera\u00e7\u00e3o cair.\u00a0Remova cuidadosamente a tampa do radiador.\u00a0\u00a0Despeje o conte\u00fado do frasco no radiador ou no tanque de expans\u00e3o e feche a tampa.\u00a0Inicie o motor.\u00a0Deixe-o funcionar em baixa rota\u00e7\u00e3o, at\u00e9 o vazamento desaparecer (cerca de 15-20\u00a0minutos).<\/h4>\n<h4>Recomendamos utilizar o Radiador Flush antes da aplica\u00e7\u00e3o.<\/h4>\n<h4>MANTER FORA DO ALCANCE DAS CRIAN\u00c7AS!<\/h4>\n<h4><em>Un: 20gr<\/em><\/h4>\n<h4><\/h4>\n","protected":false},"excerpt":{"rendered":"<h4>VEDA VAZAMENTO EM P\u00d3<\/h4>\n<h4>PARA VAZAMENTO RAPIDAMENTE<\/h4>\n<h4>Cuidadosamente formulado para ser misturado com \u00e1gua quente e anti congelante no sistema de arrefecimento do veiculo, pequenas fibras e part\u00edculas de metal puro procuram o furo, se unem endurecem, formando uma junta que seja permanentemente.<\/h4>\n<h4>Un: 20gr<\/h4>\n<h4><\/h4>\n<h4><\/h4>\n","protected":false},"featured_media":5196,"template":"","meta":{"_links_to":"","_links_to_target":""},"product_cat":[15],"product_tag":[],"_links":{"self":[{"href":"https:\/\/www.leus.com.br\/index.php?rest_route=\/wp\/v2\/product\/737"}],"collection":[{"href":"https:\/\/www.leus.com.br\/index.php?rest_route=\/wp\/v2\/product"}],"about":[{"href":"https:\/\/www.leus.com.br\/index.php?rest_route=\/wp\/v2\/types\/product"}],"wp:featuredmedia":[{"embeddable":true,"href":"https:\/\/www.leus.com.br\/index.php?rest_route=\/wp\/v2\/media\/5196"}],"wp:attachment":[{"href":"https:\/\/www.leus.com.br\/index.php?rest_route=%2Fwp%2Fv2%2Fmedia&parent=737"}],"wp:term":[{"taxonomy":"product_cat","embeddable":true,"href":"https:\/\/www.leus.com.br\/index.php?rest_route=%2Fwp%2Fv2%2Fproduct_cat&post=737"},{"taxonomy":"product_tag","embeddable":true,"href":"https:\/\/www.leus.com.br\/index.php?rest_route=%2Fwp%2Fv2%2Fproduct_tag&post=737"}],"curies":[{"name":"wp","href":"https:\/\/api.w.org\/{rel}","templated":true}]}}