{"id":741,"date":"2015-11-11T17:43:40","date_gmt":"2015-11-11T17:43:40","guid":{"rendered":"http:\/\/leus.com.br\/site\/?post_type=product&#038;p=741"},"modified":"2019-01-25T15:06:35","modified_gmt":"2019-01-25T17:06:35","slug":"ec-554-engine-coolant-tropical-dark-green","status":"publish","type":"product","link":"https:\/\/www.leus.com.br\/?product=ec-554-engine-coolant-tropical-dark-green","title":{"rendered":"Engine Coolant Tropical Dark Green &#8211; EC -554 GAL- 3.785 Litros"},"content":{"rendered":"<h2><em><span lang=\"EN-US\">EC-554 GAL ENGINE COOLANT DARK GREEN<\/span><\/em><\/h2>\n<h4>FLUIDO DE RADIADOR (VERDE)<\/h4>\n<h4>Flu\u00eddo para radiador verde formulado especialmente para pa\u00edses tropicais, com etilenoglicol, dietilenoglicol e\u00a0\u00e1gua\u00a0desmineralizada. Protege a bomba d\u2019\u00e1gua. Previne corros\u00e3o e ferrugem. Contem antifervura e\u00a0anticongelante.<\/h4>\n<h4>MODO DE USO<\/h4>\n<h4>Siga recomenda\u00e7\u00f5es dos fabricantes na propor\u00e7\u00e3o ideal para cada veiculo. Aplicar diretamente no reservat\u00f3rio do radiador para completar o n\u00edvel ou para trocar total. N\u00c3O REMOVER A TAMPA DO RADIADOR OU DO RESERVAT\u00d3RIO COM O MOTOR QUENTE.<\/h4>\n<h4><em>MANTER FORA DO ALCANCE DAS CRIAN\u00c7AS!<\/em><\/h4>\n<h4>\u00a0<a href=\"http:\/\/leus.com.br\/site\/wp-content\/uploads\/2015\/11\/EC-554-GAL1.pdf\">EC-554-GAL<\/a>&#8211; FSQ<\/h4>\n<h4>Un: 3875ml<\/h4>\n<h4><\/h4>\n","protected":false},"excerpt":{"rendered":"<h4 class=\"tw-swapa\"><span lang=\"pt\">\u2022 Cont\u00e9m caracter\u00edsticas anti-fervura.<\/span><\/h4>\n<h4 class=\"tw-swapa\"><span lang=\"pt\">\u2022 Protege a bomba de \u00e1gua contra impurezas.<\/span><\/h4>\n<h4 class=\"tw-swapa\"><span lang=\"pt\">\u2022 Previne a ferrugem e corros\u00e3o.<\/span><\/h4>\n<h4><span style=\"color: #ff0000;\">Para saber o valor por caixa, por gentileza entre em contato conosco.<\/span><\/h4>\n<h4>Un: 3875ml<\/h4>\n<p>&nbsp;<\/p>\n<p>&nbsp;<\/p>\n<h4><\/h4>\n","protected":false},"featured_media":5182,"template":"","meta":{"_links_to":"","_links_to_target":""},"product_cat":[15],"product_tag":[],"_links":{"self":[{"href":"https:\/\/www.leus.com.br\/index.php?rest_route=\/wp\/v2\/product\/741"}],"collection":[{"href":"https:\/\/www.leus.com.br\/index.php?rest_route=\/wp\/v2\/product"}],"about":[{"href":"https:\/\/www.leus.com.br\/index.php?rest_route=\/wp\/v2\/types\/product"}],"wp:featuredmedia":[{"embeddable":true,"href":"https:\/\/www.leus.com.br\/index.php?rest_route=\/wp\/v2\/media\/5182"}],"wp:attachment":[{"href":"https:\/\/www.leus.com.br\/index.php?rest_route=%2Fwp%2Fv2%2Fmedia&parent=741"}],"wp:term":[{"taxonomy":"product_cat","embeddable":true,"href":"https:\/\/www.leus.com.br\/index.php?rest_route=%2Fwp%2Fv2%2Fproduct_cat&post=741"},{"taxonomy":"product_tag","embeddable":true,"href":"https:\/\/www.leus.com.br\/index.php?rest_route=%2Fwp%2Fv2%2Fproduct_tag&post=741"}],"curies":[{"name":"wp","href":"https:\/\/api.w.org\/{rel}","templated":true}]}}