{"id":764,"date":"2015-11-11T18:09:54","date_gmt":"2015-11-11T18:09:54","guid":{"rendered":"http:\/\/leus.com.br\/site\/?post_type=product&#038;p=764"},"modified":"2019-01-28T14:11:29","modified_gmt":"2019-01-28T16:11:29","slug":"pe-030-performance-enhancer","status":"publish","type":"product","link":"https:\/\/www.leus.com.br\/?product=pe-030-performance-enhancer","title":{"rendered":"Performance Enhancer &#8211; PE-030 &#8211; 113gr"},"content":{"rendered":"<ul>\n<li>\n<h4>Prepare a lata de refor\u00e7o de desempenho Abro para carregar usando uma v\u00e1lvula de distribui\u00e7\u00e3o roscada r134a acme e uma mangueira de conex\u00e3o r\u00e1pida (abro ht-205).<\/h4>\n<\/li>\n<li>\n<h4>Rodar o man\u00edpulo da v\u00e1lvula de distribui\u00e7\u00e3o no sentido contr\u00e1rio ao dos ponteiros do rel\u00f3gio at\u00e9 que o perno fique por baixo da anilha.<\/h4>\n<\/li>\n<li>\n<h4>Cuidadosamente aparafuse a lata sobre a v\u00e1lvula distribuidora roscada da lata. N\u00e3o aperte demais.<\/h4>\n<\/li>\n<li>\n<h4>Conecte a mangueira da torneira \u00e0 porta de servi\u00e7o do lado inferior. Certifique-se de que o acoplamento est\u00e1 travado no lugar.Cuidado n\u00e3o conecte \u00e0 porta de servi\u00e7o lateral alta. A lata pode rebentar, causando ferimentos graves.\u00a0Gire a al\u00e7a na dispensa\u00e7\u00e3o em sentido anti-hor\u00e1rio at\u00e9 que ela pare. N\u00e3o force.<\/h4>\n<\/li>\n<li>\n<h4>Inverter pode (mantenha para baixo) acima da porta de servi\u00e7o de baixo lado e gire o identificador no sentido hor\u00e1rio para instalar o melhorador de desempenho abro. Agitar pode determinar quando vazio.<\/h4>\n<\/li>\n<li>\n<h4>\u00a0Gire o puxador no sentido hor\u00e1rio para fechar a v\u00e1lvula quando a lata estiver vazia.<\/h4>\n<\/li>\n<li>\n<h4>\u00a0Remova a entrada da mangueira do lado inferior da mangueira e a v\u00e1lvula dispensadora da lata. Carregue o ar condicionado nas especifica\u00e7\u00f5es. Nota: Deduzir 2 on\u00e7as de refrigerante durante o carregamento, n\u00e3o sobrecarregue com refrigerante.\u00a0\u00a0\u00a0\u00a0\u00a0\u00a0Inicie o motor e ajuste a \/ c no arrefecimento m\u00e1ximo. Certifique-se de que o compressor est\u00e1 correctamente encaixado.<\/h4>\n<\/li>\n<li>\n<h4>Executar o sistema de ar condicionado 15 minutos para circular.<\/h4>\n<\/li>\n<li>\n<h4>Segue abaixo tabela de quantidade de g\u00e1s por veiculo.<\/h4>\n<\/li>\n<li><a href=\"http:\/\/leus.com.br\/site\/wp-content\/uploads\/2015\/11\/tabela-dos-gases4.pdf\">tabela dos gases<\/a><\/li>\n<\/ul>\n","protected":false},"excerpt":{"rendered":"<ul>\n<li>\n<h4>Reduz significativamente o desgaste do sistema<\/h4>\n<\/li>\n<li>\n<h4>Aumenta a efici\u00eancia de resfriamento<\/h4>\n<\/li>\n<li>\n<h4>Silencia Compressores barulhentos<\/h4>\n<\/li>\n<li>\n<h4>Reduz o atrito<\/h4>\n<\/li>\n<li>\n<h4>Melhora o tempo de arrefecimento<\/h4>\n<\/li>\n<\/ul>\n<h4><span style=\"color: #ff0000;\">Para saber o valor por caixa, por gentileza entre em contato conosco.<\/span><\/h4>\n<h4>Un: 113gr<\/h4>\n<h4><\/h4>\n<h4><\/h4>\n","protected":false},"featured_media":5202,"template":"","meta":{"_links_to":"","_links_to_target":""},"product_cat":[16],"product_tag":[],"_links":{"self":[{"href":"https:\/\/www.leus.com.br\/index.php?rest_route=\/wp\/v2\/product\/764"}],"collection":[{"href":"https:\/\/www.leus.com.br\/index.php?rest_route=\/wp\/v2\/product"}],"about":[{"href":"https:\/\/www.leus.com.br\/index.php?rest_route=\/wp\/v2\/types\/product"}],"wp:featuredmedia":[{"embeddable":true,"href":"https:\/\/www.leus.com.br\/index.php?rest_route=\/wp\/v2\/media\/5202"}],"wp:attachment":[{"href":"https:\/\/www.leus.com.br\/index.php?rest_route=%2Fwp%2Fv2%2Fmedia&parent=764"}],"wp:term":[{"taxonomy":"product_cat","embeddable":true,"href":"https:\/\/www.leus.com.br\/index.php?rest_route=%2Fwp%2Fv2%2Fproduct_cat&post=764"},{"taxonomy":"product_tag","embeddable":true,"href":"https:\/\/www.leus.com.br\/index.php?rest_route=%2Fwp%2Fv2%2Fproduct_tag&post=764"}],"curies":[{"name":"wp","href":"https:\/\/api.w.org\/{rel}","templated":true}]}}