{"id":857,"date":"2015-11-13T17:48:24","date_gmt":"2015-11-13T17:48:24","guid":{"rendered":"http:\/\/leus.com.br\/site\/?post_type=product&#038;p=857"},"modified":"2018-06-26T17:32:34","modified_gmt":"2018-06-26T20:32:34","slug":"vmax-economic-flex","status":"publish","type":"product","link":"https:\/\/www.leus.com.br\/?product=vmax-economic-flex","title":{"rendered":"VMAX &#8211; Economic Flex &#8211; 200ml"},"content":{"rendered":"<h4><\/h4>\n<h4><span class=\"notranslate\">Modo de uso via Tanque, aditiva at\u00e9 70 Litros de combust\u00edvel<\/span><\/h4>\n<h4><\/h4>\n<h4>Un: 200ml<\/h4>\n<h4><\/h4>\n<p>&nbsp;<\/p>\n","protected":false},"excerpt":{"rendered":"<h4><span class=\"notranslate\">\u2022 Mant\u00e9m limpo as v\u00e1lvulas injetoras (bicos) e a c\u00e2mara de combust\u00e3o, evitando incrusta\u00e7\u00f5es e o ac\u00famulo de borras e vernizes.<br \/>\n<\/span><\/h4>\n<h4><span class=\"notranslate\">\u2022 Lubrifica an\u00e9is e v\u00e1lvulas, evitando o ressecamento causado pelo \u00e1lcool.<br \/>\n<\/span><\/h4>\n<h4><span class=\"notranslate\">\u2022 Facilita partidas a frio<br \/>\n<\/span><\/h4>\n<h4><span class=\"notranslate\">\u2022 Reduz emiss\u00f5es de poluentes no meio ambiente<br \/>\n<\/span><\/h4>\n<h4><span class=\"notranslate\">\u2022 Melhora o rendimento e o consumo de combust\u00edveis.<\/span><\/h4>\n<h4>\u00a0<span style=\"color: #ff0000;\">Para saber o valor por caixa, por gentileza entre em contato conosco.<\/span><\/h4>\n<h4><\/h4>\n<h4><\/h4>\n<h4><\/h4>\n","protected":false},"featured_media":4875,"template":"","meta":{"_links_to":"","_links_to_target":""},"product_cat":[18],"product_tag":[],"_links":{"self":[{"href":"https:\/\/www.leus.com.br\/index.php?rest_route=\/wp\/v2\/product\/857"}],"collection":[{"href":"https:\/\/www.leus.com.br\/index.php?rest_route=\/wp\/v2\/product"}],"about":[{"href":"https:\/\/www.leus.com.br\/index.php?rest_route=\/wp\/v2\/types\/product"}],"wp:featuredmedia":[{"embeddable":true,"href":"https:\/\/www.leus.com.br\/index.php?rest_route=\/wp\/v2\/media\/4875"}],"wp:attachment":[{"href":"https:\/\/www.leus.com.br\/index.php?rest_route=%2Fwp%2Fv2%2Fmedia&parent=857"}],"wp:term":[{"taxonomy":"product_cat","embeddable":true,"href":"https:\/\/www.leus.com.br\/index.php?rest_route=%2Fwp%2Fv2%2Fproduct_cat&post=857"},{"taxonomy":"product_tag","embeddable":true,"href":"https:\/\/www.leus.com.br\/index.php?rest_route=%2Fwp%2Fv2%2Fproduct_tag&post=857"}],"curies":[{"name":"wp","href":"https:\/\/api.w.org\/{rel}","templated":true}]}}